{"id":865,"date":"2024-03-12T06:23:01","date_gmt":"2024-03-12T06:23:01","guid":{"rendered":"https:\/\/sqardance.com\/?page_id=865"},"modified":"2024-03-12T06:23:02","modified_gmt":"2024-03-12T06:23:02","slug":"quien-puede-hacer-o-crear-danza","status":"publish","type":"page","link":"https:\/\/sqardance.com\/index.php\/clases-de-baile\/quien-puede-hacer-o-crear-danza\/","title":{"rendered":"\u00bfQui\u00e9n puede hacer o crear danza?"},"content":{"rendered":"\n<p>La danza es el movimiento del cuerpo organizado en el tiempo y usualmente ligado a sonidos musicales. Eso implica que necesitas poderte mover y en la mayor\u00eda de los casos escuchar. Sin esas limitaciones es totalmente factible bailar, incluso si el movimiento es limitado, s\u00ed deber\u00edas poder bailar. Sin embargo, analicemos los siguientes casos que te aclarar\u00e1n un poco.<\/p>\n\n\n\n<h2 class=\"wp-block-heading\">Contenido<\/h2>\n\n\n\n<ul class=\"wp-block-list\">\n<li><a href=\"#SinTalento\" data-type=\"internal\" data-id=\"#SinTalento\">\u00bfSe puede bailar sin talento?<\/a><\/li>\n\n\n\n<li><a href=\"#MovilidadReducida\" data-type=\"internal\" data-id=\"#MovilidadReducida\">\u00bfSe puede bailar con una discapacidad de movilidad reducida?<\/a><\/li>\n\n\n\n<li><a href=\"#Amusia\" data-type=\"internal\" data-id=\"#Amusia\">\u00bfSi tienes amusia puedes bailar?<\/a><\/li>\n<\/ul>\n\n\n\n<h2 class=\"wp-block-heading\" id=\"SinTalento\">\u00bfSe necesita talento para bailar?<\/h2>\n\n\n\n<div class=\"wp-block-group\"><div class=\"wp-block-group__inner-container is-layout-constrained wp-block-group-is-layout-constrained\"><div class=\"wp-block-image\">\n<figure class=\"alignright size-large is-resized\"><img decoding=\"async\" width=\"1024\" height=\"1024\" data-src=\"https:\/\/sqardance.com\/wp-content\/uploads\/2024\/02\/pexels-cottonbro-studio-4324017-edited-1024x1024.jpg\" alt=\"Qui\u00e9n puede practicar la danza\" class=\"wp-image-781 lazyload\" style=\"--smush-placeholder-width: 1024px; --smush-placeholder-aspect-ratio: 1024\/1024;width:379px;height:auto\" data-srcset=\"https:\/\/sqardance.com\/wp-content\/uploads\/2024\/02\/pexels-cottonbro-studio-4324017-edited-1024x1024.jpg 1024w, https:\/\/sqardance.com\/wp-content\/uploads\/2024\/02\/pexels-cottonbro-studio-4324017-edited-300x300.jpg 300w, https:\/\/sqardance.com\/wp-content\/uploads\/2024\/02\/pexels-cottonbro-studio-4324017-edited-150x150.jpg 150w, https:\/\/sqardance.com\/wp-content\/uploads\/2024\/02\/pexels-cottonbro-studio-4324017-edited-768x769.jpg 768w, https:\/\/sqardance.com\/wp-content\/uploads\/2024\/02\/pexels-cottonbro-studio-4324017-edited-scaled.jpg 1000w\" data-sizes=\"(max-width: 1024px) 100vw, 1024px\" src=\"data:image\/svg+xml;base64,PHN2ZyB3aWR0aD0iMSIgaGVpZ2h0PSIxIiB4bWxucz0iaHR0cDovL3d3dy53My5vcmcvMjAwMC9zdmciPjwvc3ZnPg==\" \/><\/figure><\/div>\n\n\n<p>El talento realmente es algo muy dif\u00edcil de describir y de entender. Pareciera que<strong> es algo con lo que se nace, pero tambi\u00e9n puede ser el conjunto de habilidades que hemos aprendido en nuestra vida<\/strong> previamente a iniciar nuestro camino en la danza. Eso significa que alguien que haya practicado gimnasia, entonces tendr\u00e1 una ventaja muy grande a la hora de realizar ciertos movimientos como Cambr\u00e9, as\u00ed nunca haya practicado danza. Quien haya jugado f\u00fatbol, es probable que tenga mucha habilidad en el tema de footwork. Y como todo eso es el resultado de nuestro aprendizaje previo, va a parecer que algunos aprenden m\u00e1s r\u00e1pido.<\/p>\n<\/div><\/div>\n\n\n\n<p>Gen\u00e9ticamente tambi\u00e9n tenemos cierta disposici\u00f3n. La misma flexibilidad no es s\u00f3lo el resultado de nuestro esfuerzo en actividades previas, sino que tambi\u00e9n est\u00e1 correlacionado a si nuestros padres son flexibles, la gen\u00e9tica en general. Otra caracter\u00edstica que es una ventaja es ser delgado, aunque hayan personas con peso un poco elevado que se muevan bien, es m\u00e1s f\u00e1cil si tienes poco peso. Entonces nuestros genes s\u00ed nos pueden dar ventajas.<\/p>\n\n\n\n<p>A\u00fan as\u00ed, es importante entender que <strong>el talento por s\u00ed solo no te va a ense\u00f1ar a bailar<\/strong>, s\u00f3lo te va a facilitar el proceso de aprendizaje, el que no tiene necesitar\u00e1 m\u00e1s tiempo. El conocimiento en el baile no va a llegar solo y, as\u00ed no tengas talento, igual va a llegar. Vas a tener que comenzar a aprender los pasos, aumentar tus capacidades f\u00edsicas, mentales y dem\u00e1s. Eso s\u00f3lo <strong>se logra con dedicaci\u00f3n al estudio, al entrenamiento diario y a ser consciente de nuestro cuerpo<\/strong>. Nos puede tomar a unos much\u00edsimo m\u00e1s tiempo que a otros, pero si puedes dedicarle bastante tiempo, creo que es posible aprenderlo. <\/p>\n\n\n\n<h2 class=\"wp-block-heading\" id=\"MovilidadReducida\">\u00bfSe puede bailar con una discapacidad de movilidad reducida?<\/h2>\n\n\n\n<p>Claro que s\u00ed, la discapacidad no es completa, simplemente es una persona que no puede mover una parte del cuerpo, pero puede bailar con lo que s\u00ed se puede mover. Por ejemplo una persona con movilidad reducida en las piernas puede usar los brazos para bailar con estilos como Whacking o Electrodance. De hecho en el juego just dance se hizo muy popular un baile de la canci\u00f3n &#8220;What is love&#8221;, en la que para bailarla debes estar sentado y no mueves las piernas. En el siguiente video puedes ver un game play del juego. <\/p>\n\n\n\n<figure class=\"wp-block-embed alignwide is-type-video is-provider-youtube wp-block-embed-youtube\"><div class=\"wp-block-embed__wrapper\">\n<div class=\"nv-iframe-embed\"><div class=\"container-lazyload preview-lazyload container-youtube js-lazyload--not-loaded\"><a href=\"https:\/\/youtu.be\/v8dJ-Qe-psc\" class=\"lazy-load-youtube preview-lazyload preview-youtube\" data-video-title=\"Just Dance 2017 - What Is Love (Car Version)\" title=\"Play video &quot;Just Dance 2017 - What Is Love (Car Version)&quot;\" target=\"_blank\" rel=\"noopener\">https:\/\/youtu.be\/v8dJ-Qe-psc<\/a><noscript>Video can&#8217;t be loaded because JavaScript is disabled: <a href=\"https:\/\/youtu.be\/v8dJ-Qe-psc\" title=\"Just Dance 2017 - What Is Love (Car Version)\" target=\"_blank\" rel=\"noopener\">Just Dance 2017 &#8211; What Is Love (Car Version) (https:\/\/youtu.be\/v8dJ-Qe-psc)<\/a><\/noscript><\/div><\/div>\n<\/div><\/figure>\n\n\n\n<h2 class=\"wp-block-heading\" id=\"Amusia\">\u00bfSi tienes amusia puedes bailar?<\/h2>\n\n\n\n<p>La amusia es una incapacidad muy dif\u00edcil de encontrar que impide entender la m\u00fasica, ya la r\u00edtmica, la armon\u00eda y la melod\u00eda. En el caso de la amusia r\u00edtmica no ser\u00eda posible seguir la m\u00fasica, por lo que desde ese punto de vista, no se puede disfrutar de ese aspecto de la m\u00fasica. Eso evidentemente es una limitaci\u00f3n. Sin embargo, a nivel de seguir los movimientos, s\u00ed se puede seguir. Eso significa que aunque no se consiga el objetivo al 100% de baile, s\u00ed se puede llegar a tener una experiencia satisfactoria que genera sensaciones, mejora la calidad de vida y lograr unos videos para redes sociales.<\/p>\n\n\n\n<h2 class=\"wp-block-heading\">Otros art\u00edculos que te pueden interesar<\/h2>\n\n\n\n<figure class=\"wp-block-gallery has-nested-images columns-default is-cropped wp-block-gallery-1 is-layout-flex wp-block-gallery-is-layout-flex\">\n<figure class=\"wp-block-image size-large\"><a href=\"https:\/\/sqardance.com\/index.php\/hip-hop\/lista-de-pasos\/reebok\/\"><img decoding=\"async\" width=\"640\" height=\"960\" data-id=\"729\" data-src=\"https:\/\/sqardance.com\/wp-content\/uploads\/2024\/02\/pexels-erick-alfredo-sasi-6601918.jpg\" alt=\"\" class=\"wp-image-729 lazyload\" data-srcset=\"https:\/\/sqardance.com\/wp-content\/uploads\/2024\/02\/pexels-erick-alfredo-sasi-6601918.jpg 640w, https:\/\/sqardance.com\/wp-content\/uploads\/2024\/02\/pexels-erick-alfredo-sasi-6601918-200x300.jpg 200w\" data-sizes=\"(max-width: 640px) 100vw, 640px\" src=\"data:image\/svg+xml;base64,PHN2ZyB3aWR0aD0iMSIgaGVpZ2h0PSIxIiB4bWxucz0iaHR0cDovL3d3dy53My5vcmcvMjAwMC9zdmciPjwvc3ZnPg==\" style=\"--smush-placeholder-width: 640px; --smush-placeholder-aspect-ratio: 640\/960;\" \/><\/a><figcaption class=\"wp-element-caption\"><a href=\"https:\/\/sqardance.com\/index.php\/hip-hop\/lista-de-pasos\/reebok\/\" data-type=\"page\" data-id=\"129\">Paso de baile Reebok de Hip Hop<\/a><\/figcaption><\/figure>\n\n\n\n<figure class=\"wp-block-image size-large\"><a href=\"https:\/\/sqardance.com\/index.php\/hip-hop\/lista-de-pasos\/roger-rabbit\/\"><img decoding=\"async\" width=\"640\" height=\"1024\" data-id=\"728\" data-src=\"https:\/\/sqardance.com\/wp-content\/uploads\/2024\/02\/who_framed_roger_rabbit_poster_by_theaven_ddqphk8-414w-2x-640x1024.jpg\" alt=\"\" class=\"wp-image-728 lazyload\" data-srcset=\"https:\/\/sqardance.com\/wp-content\/uploads\/2024\/02\/who_framed_roger_rabbit_poster_by_theaven_ddqphk8-414w-2x-640x1024.jpg 640w, https:\/\/sqardance.com\/wp-content\/uploads\/2024\/02\/who_framed_roger_rabbit_poster_by_theaven_ddqphk8-414w-2x-187x300.jpg 187w, https:\/\/sqardance.com\/wp-content\/uploads\/2024\/02\/who_framed_roger_rabbit_poster_by_theaven_ddqphk8-414w-2x-768x1230.jpg 768w, https:\/\/sqardance.com\/wp-content\/uploads\/2024\/02\/who_framed_roger_rabbit_poster_by_theaven_ddqphk8-414w-2x-scaled.jpg 625w\" data-sizes=\"(max-width: 640px) 100vw, 640px\" src=\"data:image\/svg+xml;base64,PHN2ZyB3aWR0aD0iMSIgaGVpZ2h0PSIxIiB4bWxucz0iaHR0cDovL3d3dy53My5vcmcvMjAwMC9zdmciPjwvc3ZnPg==\" style=\"--smush-placeholder-width: 640px; --smush-placeholder-aspect-ratio: 640\/1024;\" \/><\/a><figcaption class=\"wp-element-caption\"><a href=\"https:\/\/sqardance.com\/index.php\/hip-hop\/lista-de-pasos\/roger-rabbit\/\" data-type=\"page\" data-id=\"327\">Roger Rabbit en Hip Hop<\/a><\/figcaption><\/figure>\n\n\n\n<figure class=\"wp-block-image size-large\"><a href=\"https:\/\/sqardance.com\/index.php\/hip-hop\/elementos\/\"><img decoding=\"async\" width=\"640\" height=\"972\" data-id=\"466\" data-src=\"https:\/\/sqardance.com\/wp-content\/uploads\/2023\/11\/pexels-sarah-trummer-955798-1.jpg\" alt=\"Elementos del Hip Hop\" class=\"wp-image-466 lazyload\" data-srcset=\"https:\/\/sqardance.com\/wp-content\/uploads\/2023\/11\/pexels-sarah-trummer-955798-1.jpg 640w, https:\/\/sqardance.com\/wp-content\/uploads\/2023\/11\/pexels-sarah-trummer-955798-1-198x300.jpg 198w\" data-sizes=\"(max-width: 640px) 100vw, 640px\" src=\"data:image\/svg+xml;base64,PHN2ZyB3aWR0aD0iMSIgaGVpZ2h0PSIxIiB4bWxucz0iaHR0cDovL3d3dy53My5vcmcvMjAwMC9zdmciPjwvc3ZnPg==\" style=\"--smush-placeholder-width: 640px; --smush-placeholder-aspect-ratio: 640\/972;\" \/><\/a><figcaption class=\"wp-element-caption\"><a href=\"https:\/\/sqardance.com\/index.php\/hip-hop\/elementos\/\" data-type=\"page\" data-id=\"437\">Elementos del Hip Hop<\/a><\/figcaption><\/figure>\n<\/figure>\n","protected":false},"excerpt":{"rendered":"<p>La danza es el movimiento del cuerpo organizado en el tiempo y usualmente ligado a sonidos musicales. Eso implica que necesitas poderte mover y en la mayor\u00eda de los casos escuchar. Sin esas limitaciones es totalmente factible bailar, incluso si el movimiento es limitado, s\u00ed deber\u00edas poder bailar. Sin embargo, analicemos los siguientes casos que&hellip;&nbsp;<a href=\"https:\/\/sqardance.com\/index.php\/clases-de-baile\/quien-puede-hacer-o-crear-danza\/\" rel=\"bookmark\"><span class=\"screen-reader-text\">\u00bfQui\u00e9n puede hacer o crear danza?<\/span><\/a><\/p>\n","protected":false},"author":1,"featured_media":0,"parent":711,"menu_order":0,"comment_status":"closed","ping_status":"closed","template":"","meta":{"neve_meta_sidebar":"","neve_meta_container":"","neve_meta_enable_content_width":"","neve_meta_content_width":0,"neve_meta_title_alignment":"","neve_meta_author_avatar":"","neve_post_elements_order":"","neve_meta_disable_header":"","neve_meta_disable_footer":"","neve_meta_disable_title":"","footnotes":""},"class_list":["post-865","page","type-page","status-publish","hentry"],"_links":{"self":[{"href":"https:\/\/sqardance.com\/index.php\/wp-json\/wp\/v2\/pages\/865","targetHints":{"allow":["GET"]}}],"collection":[{"href":"https:\/\/sqardance.com\/index.php\/wp-json\/wp\/v2\/pages"}],"about":[{"href":"https:\/\/sqardance.com\/index.php\/wp-json\/wp\/v2\/types\/page"}],"author":[{"embeddable":true,"href":"https:\/\/sqardance.com\/index.php\/wp-json\/wp\/v2\/users\/1"}],"replies":[{"embeddable":true,"href":"https:\/\/sqardance.com\/index.php\/wp-json\/wp\/v2\/comments?post=865"}],"version-history":[{"count":7,"href":"https:\/\/sqardance.com\/index.php\/wp-json\/wp\/v2\/pages\/865\/revisions"}],"predecessor-version":[{"id":887,"href":"https:\/\/sqardance.com\/index.php\/wp-json\/wp\/v2\/pages\/865\/revisions\/887"}],"up":[{"embeddable":true,"href":"https:\/\/sqardance.com\/index.php\/wp-json\/wp\/v2\/pages\/711"}],"wp:attachment":[{"href":"https:\/\/sqardance.com\/index.php\/wp-json\/wp\/v2\/media?parent=865"}],"curies":[{"name":"wp","href":"https:\/\/api.w.org\/{rel}","templated":true}]}}