{"id":402,"date":"2023-11-04T05:51:56","date_gmt":"2023-11-04T05:51:56","guid":{"rendered":"https:\/\/sqardance.com\/?page_id=402"},"modified":"2023-11-04T05:51:57","modified_gmt":"2023-11-04T05:51:57","slug":"elementos","status":"publish","type":"page","link":"https:\/\/sqardance.com\/index.php\/fundamentos-de-la-danza\/elementos\/","title":{"rendered":"Descubre los Elementos Esenciales de la Danza: Movimiento que Encanta"},"content":{"rendered":"\n<p>En el fascinante mundo de la danza, cada movimiento es una historia y cada expresi\u00f3n corporal es una obra de arte. La danza, en todas sus formas y estilos, se despliega a trav\u00e9s de una combinaci\u00f3n m\u00e1gica de elementos que dan vida a las emociones, la m\u00fasica y la creatividad. En este art\u00edculo, exploraremos los elementos esenciales de la danza que hacen que este arte sea tan cautivador y significativo para millones de personas en todo el mundo.<\/p>\n\n\n\n<p>Aclaro que hay distintas visiones de los elementos de la danza, algunos agregan m\u00e1s o menos. Sin embargo, ac\u00e1 te cuento algunos de los m\u00e1s comunes. Tambi\u00e9n te muestro ejemplos de danza donde es m\u00e1s relevante cada uno de estos elementos.<\/p>\n\n\n\n<h2 class=\"wp-block-heading\">Espacio: Expansi\u00f3n Creativa<\/h2>\n\n\n\n<p>El espacio tridimensional es el lienzo en el que los bailarines crean sus movimientos. Desde giros elegantes que ocupan todo el escenario hasta saltos gr\u00e1ciles que se elevan hacia el cielo, el espacio permite a los bailarines explorar infinitas posibilidades. En el ballet cl\u00e1sico, por ejemplo, los pasos de arabesque y los movimientos en diagonal aprovechan el espacio de manera majestuosa.<\/p>\n\n\n\n<figure class=\"wp-block-embed alignwide is-type-video is-provider-youtube wp-block-embed-youtube\"><div class=\"wp-block-embed__wrapper\">\n<div class=\"nv-iframe-embed\"><div class=\"container-lazyload preview-lazyload container-youtube js-lazyload--not-loaded\"><a href=\"https:\/\/www.youtube.com\/watch?v=SmRrfm1ihGg\" class=\"lazy-load-youtube preview-lazyload preview-youtube\" data-video-title=\"Insight: Ballet Glossary - Arabesques\" title=\"Play video &quot;Insight: Ballet Glossary - Arabesques&quot;\" target=\"_blank\" rel=\"noopener\">https:\/\/www.youtube.com\/watch?v=SmRrfm1ihGg<\/a><noscript>Video can&#8217;t be loaded because JavaScript is disabled: <a href=\"https:\/\/www.youtube.com\/watch?v=SmRrfm1ihGg\" title=\"Insight: Ballet Glossary - Arabesques\" target=\"_blank\" rel=\"noopener\">Insight: Ballet Glossary &#8211; Arabesques (https:\/\/www.youtube.com\/watch?v=SmRrfm1ihGg)<\/a><\/noscript><\/div><\/div>\n<\/div><\/figure>\n\n\n\n<h2 class=\"wp-block-heading\">Tiempo: Ritmo en Movimiento<\/h2>\n\n\n\n<p>El tiempo en la danza es como el latido del coraz\u00f3n que gu\u00eda cada paso. Los bailarines se sincronizan con el ritmo musical, creando una armon\u00eda visual y auditiva. En el tap dance, los bailarines juegan con los tiempos y ritmos, produciendo sonidos distintivos que complementan la m\u00fasica.<\/p>\n\n\n\n<figure class=\"wp-block-embed alignwide is-type-video is-provider-youtube wp-block-embed-youtube\"><div class=\"wp-block-embed__wrapper\">\n<div class=\"nv-iframe-embed\"><div class=\"container-lazyload preview-lazyload container-youtube js-lazyload--not-loaded\"><a href=\"https:\/\/www.youtube.com\/watch?v=Q4FYNF02yEM\" class=\"lazy-load-youtube preview-lazyload preview-youtube\" data-video-title=\"&quot;Cups&quot; Tap Dance - Anna Kendrick  (Pitch Perfect) @ChrisRiceNY\" title=\"Play video &quot;&quot;Cups&quot; Tap Dance - Anna Kendrick  (Pitch Perfect) @ChrisRiceNY&quot;\" target=\"_blank\" rel=\"noopener\">https:\/\/www.youtube.com\/watch?v=Q4FYNF02yEM<\/a><noscript>Video can&#8217;t be loaded because JavaScript is disabled: <a href=\"https:\/\/www.youtube.com\/watch?v=Q4FYNF02yEM\" title=\"&quot;Cups&quot; Tap Dance - Anna Kendrick  (Pitch Perfect) @ChrisRiceNY\" target=\"_blank\" rel=\"noopener\">&quot;Cups&quot; Tap Dance &#8211; Anna Kendrick  (Pitch Perfect) @ChrisRiceNY (https:\/\/www.youtube.com\/watch?v=Q4FYNF02yEM)<\/a><\/noscript><\/div><\/div>\n<\/div><\/figure>\n\n\n\n<h2 class=\"wp-block-heading\">Energ\u00eda: Emociones en Movimiento <\/h2>\n\n\n\n<p>La energ\u00eda en la danza se manifiesta a trav\u00e9s de la intensidad y la calidad del movimiento. Desde movimientos suaves y fluidos que expresan serenidad hasta movimientos en\u00e9rgicos y abruptos que reflejan emoci\u00f3n, la energ\u00eda es la fuerza detr\u00e1s de cada gesto. En el hip-hop, los movimientos explosivos y din\u00e1micos capturan la energ\u00eda vibrante de la cultura urbana.<\/p>\n\n\n\n<figure class=\"wp-block-embed alignwide is-type-video is-provider-youtube wp-block-embed-youtube\"><div class=\"wp-block-embed__wrapper\">\n<div class=\"nv-iframe-embed\"><div class=\"container-lazyload preview-lazyload container-youtube js-lazyload--not-loaded\"><a href=\"https:\/\/www.youtube.com\/watch?v=YeNWNUfM-rk\" class=\"lazy-load-youtube preview-lazyload preview-youtube\" data-video-title=\"Group Hip Hop Dance Top\/Basic Hip Hop Dance Movements\/Alexander A\" title=\"Play video &quot;Group Hip Hop Dance Top\/Basic Hip Hop Dance Movements\/Alexander A&quot;\" target=\"_blank\" rel=\"noopener\">https:\/\/www.youtube.com\/watch?v=YeNWNUfM-rk<\/a><noscript>Video can&#8217;t be loaded because JavaScript is disabled: <a href=\"https:\/\/www.youtube.com\/watch?v=YeNWNUfM-rk\" title=\"Group Hip Hop Dance Top\/Basic Hip Hop Dance Movements\/Alexander A\" target=\"_blank\" rel=\"noopener\">Group Hip Hop Dance Top\/Basic Hip Hop Dance Movements\/Alexander A (https:\/\/www.youtube.com\/watch?v=YeNWNUfM-rk)<\/a><\/noscript><\/div><\/div>\n<\/div><\/figure>\n\n\n\n<h2 class=\"wp-block-heading\">Cuerpo: Expresi\u00f3n F\u00edsica<\/h2>\n\n\n\n<p>El cuerpo del bailar\u00edn es su herramienta principal para contar una historia. La postura, la alineaci\u00f3n y la expresi\u00f3n facial son fundamentales para transmitir emociones y crear conexiones con el p\u00fablico. En la danza contempor\u00e1nea, los bailarines exploran movimientos org\u00e1nicos y gestuales que desaf\u00edan las limitaciones f\u00edsicas, creando una experiencia visceral para los espectadores.<\/p>\n\n\n\n<figure class=\"wp-block-embed alignwide is-type-video is-provider-youtube wp-block-embed-youtube\"><div class=\"wp-block-embed__wrapper\">\n<div class=\"nv-iframe-embed\"><div class=\"container-lazyload preview-lazyload container-youtube js-lazyload--not-loaded\"><a href=\"https:\/\/www.youtube.com\/watch?v=FDsQT91N-7g\" class=\"lazy-load-youtube preview-lazyload preview-youtube\" data-video-title=\"Danza Contempor\u00e1nea de Cuba dance La Ecuaci\u00f3n in Cuban\u00eda (Royal Opera House)\" title=\"Play video &quot;Danza Contempor\u00e1nea de Cuba dance La Ecuaci\u00f3n in Cuban\u00eda (Royal Opera House)&quot;\" target=\"_blank\" rel=\"noopener\">https:\/\/www.youtube.com\/watch?v=FDsQT91N-7g<\/a><noscript>Video can&#8217;t be loaded because JavaScript is disabled: <a href=\"https:\/\/www.youtube.com\/watch?v=FDsQT91N-7g\" title=\"Danza Contempor\u00e1nea de Cuba dance La Ecuaci\u00f3n in Cuban\u00eda (Royal Opera House)\" target=\"_blank\" rel=\"noopener\">Danza Contempor\u00e1nea de Cuba dance La Ecuaci\u00f3n in Cuban\u00eda (Royal Opera House) (https:\/\/www.youtube.com\/watch?v=FDsQT91N-7g)<\/a><\/noscript><\/div><\/div>\n<\/div><\/figure>\n\n\n\n<h2 class=\"wp-block-heading\">Relaciones: Conexiones Humanas<\/h2>\n\n\n\n<p>La danza a menudo implica la interacci\u00f3n entre bailarines, creando relaciones espaciales y emocionales en el escenario. Desde el romanticismo del ballet pas de deux hasta la sincronizaci\u00f3n perfecta de un grupo de bailarines en una coreograf\u00eda compleja, las relaciones entre los bailarines agregan profundidad y significado a la actuaci\u00f3n.<\/p>\n\n\n\n<figure class=\"wp-block-embed alignwide is-type-video is-provider-youtube wp-block-embed-youtube\"><div class=\"wp-block-embed__wrapper\">\n<div class=\"nv-iframe-embed\"><div class=\"container-lazyload preview-lazyload container-youtube js-lazyload--not-loaded\"><a href=\"https:\/\/www.youtube.com\/watch?v=qy6dlGpC3Ns\" class=\"lazy-load-youtube preview-lazyload preview-youtube\" data-video-title=\"The Nutcracker \u2013 Sugar Plum pas de deux: Adagio (Nu\u00f1ez, Muntagirov, The Royal Ballet)\" title=\"Play video &quot;The Nutcracker \u2013 Sugar Plum pas de deux: Adagio (Nu\u00f1ez, Muntagirov, The Royal Ballet)&quot;\" target=\"_blank\" rel=\"noopener\">https:\/\/www.youtube.com\/watch?v=qy6dlGpC3Ns<\/a><noscript>Video can&#8217;t be loaded because JavaScript is disabled: <a href=\"https:\/\/www.youtube.com\/watch?v=qy6dlGpC3Ns\" title=\"The Nutcracker \u2013 Sugar Plum pas de deux: Adagio (Nu\u00f1ez, Muntagirov, The Royal Ballet)\" target=\"_blank\" rel=\"noopener\">The Nutcracker \u2013 Sugar Plum pas de deux: Adagio (Nu\u00f1ez, Muntagirov, The Royal Ballet) (https:\/\/www.youtube.com\/watch?v=qy6dlGpC3Ns)<\/a><\/noscript><\/div><\/div>\n<\/div><\/figure>\n\n\n\n<h2 class=\"wp-block-heading\">Otra visi\u00f3n de los elementos de la danza<\/h2>\n\n\n\n<p>Uno de los autores m\u00e1s populares del tema es Alberto Dallal. \u00c9l propone en su libro llamado &#8220;Los Elementos De La Danza&#8221; los siguientes:<\/p>\n\n\n\n<ol class=\"wp-block-list\">\n<li>Cuerpo humano,\u00a0 \u00a0 \u00a0<\/li>\n\n\n\n<li>Movimiento,\u00a0 \u00a0 \u00a0<\/li>\n\n\n\n<li>Espacio,\u00a0 \u00a0 <\/li>\n\n\n\n<li>Forma, <\/li>\n\n\n\n<li>Tiempo\u00a0(ritmo, m\u00fasica, palabra),<\/li>\n\n\n\n<li>Impulso, significaci\u00f3n, acento, motivaci\u00f3n, objetivo,\u00a0 \u00a0 <\/li>\n\n\n\n<li>Relaci\u00f3n\u00a0luz\u2013oscuridad\u00a0<\/li>\n\n\n\n<li>Espectador-participante.\u00a0<\/li>\n<\/ol>\n\n\n\n<p>Como ver\u00e1s, son similares a los planteados anteriormente. Agrega uno que otro y el m\u00e1s curioso es el espectador, el cual es importante porque uno usualmente baila para alguien m\u00e1s. En especial si se quiere bailar como una expresi\u00f3n, entonces se baila para alguien m\u00e1s que s\u00ed debe influir en nuestra danza.<\/p>\n\n\n\n<p>En resumen, la danza es mucho m\u00e1s que movimientos gr\u00e1ciles y coreograf\u00edas complejas; es una expresi\u00f3n profunda del alma humana. Cada giro, salto y gesto habla un idioma universal que conecta a las personas a nivel emocional y art\u00edstico. Al comprender y apreciar los elementos esenciales de la danza, podemos sumergirnos en un mundo de belleza, emoci\u00f3n y creatividad. As\u00ed que la pr\u00f3xima vez que observes una actuaci\u00f3n de danza, recuerda que est\u00e1s presenciando el arte en su forma m\u00e1s pura, donde el cuerpo se convierte en poes\u00eda y el movimiento se transforma en una historia que perdura en el tiempo.<\/p>\n","protected":false},"excerpt":{"rendered":"<p>En el fascinante mundo de la danza, cada movimiento es una historia y cada expresi\u00f3n corporal es una obra de arte. La danza, en todas sus formas y estilos, se despliega a trav\u00e9s de una combinaci\u00f3n m\u00e1gica de elementos que dan vida a las emociones, la m\u00fasica y la creatividad. En este art\u00edculo, exploraremos los&hellip;&nbsp;<a href=\"https:\/\/sqardance.com\/index.php\/fundamentos-de-la-danza\/elementos\/\" rel=\"bookmark\"><span class=\"screen-reader-text\">Descubre los Elementos Esenciales de la Danza: Movimiento que Encanta<\/span><\/a><\/p>\n","protected":false},"author":1,"featured_media":0,"parent":182,"menu_order":0,"comment_status":"closed","ping_status":"closed","template":"","meta":{"neve_meta_sidebar":"","neve_meta_container":"","neve_meta_enable_content_width":"","neve_meta_content_width":0,"neve_meta_title_alignment":"","neve_meta_author_avatar":"","neve_post_elements_order":"","neve_meta_disable_header":"","neve_meta_disable_footer":"","neve_meta_disable_title":"","footnotes":""},"class_list":["post-402","page","type-page","status-publish","hentry"],"_links":{"self":[{"href":"https:\/\/sqardance.com\/index.php\/wp-json\/wp\/v2\/pages\/402","targetHints":{"allow":["GET"]}}],"collection":[{"href":"https:\/\/sqardance.com\/index.php\/wp-json\/wp\/v2\/pages"}],"about":[{"href":"https:\/\/sqardance.com\/index.php\/wp-json\/wp\/v2\/types\/page"}],"author":[{"embeddable":true,"href":"https:\/\/sqardance.com\/index.php\/wp-json\/wp\/v2\/users\/1"}],"replies":[{"embeddable":true,"href":"https:\/\/sqardance.com\/index.php\/wp-json\/wp\/v2\/comments?post=402"}],"version-history":[{"count":4,"href":"https:\/\/sqardance.com\/index.php\/wp-json\/wp\/v2\/pages\/402\/revisions"}],"predecessor-version":[{"id":411,"href":"https:\/\/sqardance.com\/index.php\/wp-json\/wp\/v2\/pages\/402\/revisions\/411"}],"up":[{"embeddable":true,"href":"https:\/\/sqardance.com\/index.php\/wp-json\/wp\/v2\/pages\/182"}],"wp:attachment":[{"href":"https:\/\/sqardance.com\/index.php\/wp-json\/wp\/v2\/media?parent=402"}],"curies":[{"name":"wp","href":"https:\/\/api.w.org\/{rel}","templated":true}]}}