{"id":368,"date":"2023-11-12T05:19:21","date_gmt":"2023-11-12T05:19:21","guid":{"rendered":"https:\/\/sqardance.com\/?page_id=368"},"modified":"2023-11-12T05:19:22","modified_gmt":"2023-11-12T05:19:22","slug":"freestyle","status":"publish","type":"page","link":"https:\/\/sqardance.com\/index.php\/fundamentos-de-la-danza\/freestyle\/","title":{"rendered":"Baile Freestyle: otra forma de ver la danza"},"content":{"rendered":"\n<p>Existen dos formas de baile, una es planeando los movimientos mediante secuencias (coreograf\u00eda) y la otra es movernos sin pensar, s\u00f3lo dejando que la m\u00fasica nos gu\u00ede, \u00e9ste es el Freestyle. En este art\u00edculo te traer\u00e9 toda la informaci\u00f3n necesaria para bailar de una forma libre.<\/p>\n\n\n\n<h2 class=\"wp-block-heading\">\u00bfQu\u00e9 es el baile freestyle?<\/h2>\n\n\n\n<p>Esta forma de baile no es un estilo de baile como tal (donde hay pasos definidos, un groove y dem\u00e1s caracter\u00edsticas de un estilo de baile), a pesar de su nombre. Consiste en no planear una coreograf\u00eda, sino que los pasos van naciendo a medida que vamos bailando. Es una categor\u00eda de baile que se aplica a todos los estilos, como en el Hip Hop, House, Shuffle, etc. Existen dos subcategor\u00edas dentro del Freestyle, la batalla y el Cypher. En la primera se busca alardear de las habilidades del bailar\u00edn de forma comparativa con otro. En la segunda s\u00f3lo se busca disfrutar y compartir con amigos en un c\u00edrculo en el mundo del baile, si has ido a una fiesta en donde hacen un c\u00edrculo y te ponen a bailar, entonces has estado en un Cypher.<\/p>\n\n\n\n<h2 class=\"wp-block-heading\">\u00bfDe d\u00f3nde viene el Freestyle?<\/h2>\n\n\n\n<p>Aunque el baile sin coreograf\u00eda ya existe desde hace mucho tiempo, siglos si contamos muchas de las danzas tribales que eran improvisadas, es apenas en los a\u00f1os 70&#8217;s donde a partir del Hip Hop comienza a acu\u00f1arse el t\u00e9rmino. Inicialmente \u00fanicamente son fiestas callejeras, en especial en los barrios de descendientes afro y latinos en New York. Posteriormente muchos bailarines comenzaron a improvisar sus bailes. Luego se crearon las batallas de baile y ya en los a\u00f1os 80&#8217;s se popularizan, hacen parte de incluso pel\u00edculas. <\/p>\n\n\n\n<h2 class=\"wp-block-heading\">Ejemplo de la danza Freestyle<\/h2>\n\n\n\n<p>A continuaci\u00f3n puedes ver un ejemplo de lo que es el Freestyle. Lo eleg\u00ed porque a uno de ellos lo vi en persona en un viaje que realiz\u00f3 a Barcelona y de casualidad yo estaba por all\u00e1, s\u00e9 de lo que es capaz y quer\u00eda compartirlo. Me parece interesante ver c\u00f3mo a pesar de ser improvisado s\u00ed tienen movimientos preparados, lo que se ve porque ambos los realizan simult\u00e1neamente. Sin embargo, tambi\u00e9n se ve que es Freestyle porque no hay una perfecci\u00f3n en la sincronizaci\u00f3n, sino que cada uno le da su toque personal al movimiento, mira el minuto 5:05 y ah\u00ed se entiende muy claramente eso. Es un juego interesante con el l\u00edmite de lo que es Freestyle y lo que no. Despu\u00e9s de terminar ese tiempo sincronizados Goku hace un conjunto de pasos completamente improvisados, lo que s\u00ed es completamente Freestyle.<\/p>\n\n\n\n<figure class=\"wp-block-embed alignwide is-type-video is-provider-youtube wp-block-embed-youtube\"><div class=\"wp-block-embed__wrapper\">\n<div class=\"nv-iframe-embed\"><div class=\"container-lazyload preview-lazyload container-youtube js-lazyload--not-loaded\"><a href=\"https:\/\/youtu.be\/HNmkVDu4BUA?t=198\" class=\"lazy-load-youtube preview-lazyload preview-youtube\" data-video-title=\"Treaxy &amp; Goku | Judge showcase @ Move&amp;Prove International 2018\" title=\"Play video &quot;Treaxy &amp; Goku | Judge showcase @ Move&amp;Prove International 2018&quot;\" target=\"_blank\" rel=\"noopener\">https:\/\/youtu.be\/HNmkVDu4BUA?t=198<\/a><noscript>Video can&#8217;t be loaded because JavaScript is disabled: <a href=\"https:\/\/youtu.be\/HNmkVDu4BUA?t=198\" title=\"Treaxy &amp; Goku | Judge showcase @ Move&amp;Prove International 2018\" target=\"_blank\" rel=\"noopener\">Treaxy &amp; Goku | Judge showcase @ Move&amp;Prove International 2018 (https:\/\/youtu.be\/HNmkVDu4BUA?t=198)<\/a><\/noscript><\/div><\/div>\n<\/div><\/figure>\n\n\n\n<h2 class=\"wp-block-heading\">Ejemplo de un Cypher de Freestyle<\/h2>\n\n\n\n<p>Un Cypher es lo que ves a continuaci\u00f3n y se reconoce claramente un c\u00edrculo que es complementado con el espectador, porque ah\u00ed es un semic\u00edrculo donde bailan de forma improvisada. F\u00edjate que todos pasan y simplemente muestran lo que saben.<\/p>\n\n\n\n<figure class=\"wp-block-embed alignwide is-type-video is-provider-youtube wp-block-embed-youtube\"><div class=\"wp-block-embed__wrapper\">\n<div class=\"nv-iframe-embed\"><div class=\"container-lazyload preview-lazyload container-youtube js-lazyload--not-loaded\"><a href=\"https:\/\/www.youtube.com\/watch?v=M9Dhrxb-0Sw\" class=\"lazy-load-youtube preview-lazyload preview-youtube\" data-video-title=\"Desiigner - Panda (Cypher)\" title=\"Play video &quot;Desiigner - Panda (Cypher)&quot;\" target=\"_blank\" rel=\"noopener\">https:\/\/www.youtube.com\/watch?v=M9Dhrxb-0Sw<\/a><noscript>Video can&#8217;t be loaded because JavaScript is disabled: <a href=\"https:\/\/www.youtube.com\/watch?v=M9Dhrxb-0Sw\" title=\"Desiigner - Panda (Cypher)\" target=\"_blank\" rel=\"noopener\">Desiigner &#8211; Panda (Cypher) (https:\/\/www.youtube.com\/watch?v=M9Dhrxb-0Sw)<\/a><\/noscript><\/div><\/div>\n<\/div><\/figure>\n\n\n\n<p>En el universo del freestyle, cada movimiento es una expresi\u00f3n aut\u00e9ntica de la pasi\u00f3n y la libertad. En la pista de baile, donde no hay reglas ni l\u00edmites, el freestyle se convierte en una danza sin restricciones que celebra la creatividad pura. \u00a1Sigue bailando sin l\u00edmites y dejando que tu estilo \u00fanico destaque en cada paso!<\/p>\n","protected":false},"excerpt":{"rendered":"<p>Existen dos formas de baile, una es planeando los movimientos mediante secuencias (coreograf\u00eda) y la otra es movernos sin pensar, s\u00f3lo dejando que la m\u00fasica nos gu\u00ede, \u00e9ste es el Freestyle. En este art\u00edculo te traer\u00e9 toda la informaci\u00f3n necesaria para bailar de una forma libre. \u00bfQu\u00e9 es el baile freestyle? Esta forma de baile&hellip;&nbsp;<a href=\"https:\/\/sqardance.com\/index.php\/fundamentos-de-la-danza\/freestyle\/\" rel=\"bookmark\"><span class=\"screen-reader-text\">Baile Freestyle: otra forma de ver la danza<\/span><\/a><\/p>\n","protected":false},"author":1,"featured_media":0,"parent":182,"menu_order":0,"comment_status":"closed","ping_status":"closed","template":"","meta":{"neve_meta_sidebar":"","neve_meta_container":"","neve_meta_enable_content_width":"","neve_meta_content_width":0,"neve_meta_title_alignment":"","neve_meta_author_avatar":"","neve_post_elements_order":"","neve_meta_disable_header":"","neve_meta_disable_footer":"","neve_meta_disable_title":"","footnotes":""},"class_list":["post-368","page","type-page","status-publish","hentry"],"_links":{"self":[{"href":"https:\/\/sqardance.com\/index.php\/wp-json\/wp\/v2\/pages\/368","targetHints":{"allow":["GET"]}}],"collection":[{"href":"https:\/\/sqardance.com\/index.php\/wp-json\/wp\/v2\/pages"}],"about":[{"href":"https:\/\/sqardance.com\/index.php\/wp-json\/wp\/v2\/types\/page"}],"author":[{"embeddable":true,"href":"https:\/\/sqardance.com\/index.php\/wp-json\/wp\/v2\/users\/1"}],"replies":[{"embeddable":true,"href":"https:\/\/sqardance.com\/index.php\/wp-json\/wp\/v2\/comments?post=368"}],"version-history":[{"count":11,"href":"https:\/\/sqardance.com\/index.php\/wp-json\/wp\/v2\/pages\/368\/revisions"}],"predecessor-version":[{"id":435,"href":"https:\/\/sqardance.com\/index.php\/wp-json\/wp\/v2\/pages\/368\/revisions\/435"}],"up":[{"embeddable":true,"href":"https:\/\/sqardance.com\/index.php\/wp-json\/wp\/v2\/pages\/182"}],"wp:attachment":[{"href":"https:\/\/sqardance.com\/index.php\/wp-json\/wp\/v2\/media?parent=368"}],"curies":[{"name":"wp","href":"https:\/\/api.w.org\/{rel}","templated":true}]}}