{"id":168,"date":"2023-10-06T21:57:38","date_gmt":"2023-10-06T21:57:38","guid":{"rendered":"https:\/\/sqardance.com\/?page_id=168"},"modified":"2023-11-26T07:23:20","modified_gmt":"2023-11-26T07:23:20","slug":"freestyle-para-boyaca","status":"publish","type":"page","link":"https:\/\/sqardance.com\/index.php\/freestyle-para-boyaca\/","title":{"rendered":"Curso de danza &#8220;Freestyle para Boyac\u00e1&#8221; (Tunja)"},"content":{"rendered":"\n<p>Si en alg\u00fan momento has querido aprender a bailar de forma fluida sin pensar en una coreograf\u00eda, este es tu curso. Te vamos a ense\u00f1ar t\u00e9cnicas para que sueltes tu cuerpo poco a poco concentr\u00e1ndote en ejercicios que har\u00e1n que te muevas de forma fluida.<\/p>\n\n\n\n<ul class=\"wp-block-list\">\n<li><a href=\"#Objetivo\" data-type=\"internal\" data-id=\"#Objetivo\">Objetivo del curso<\/a><\/li>\n\n\n\n<li><a href=\"#AQuien\" data-type=\"internal\" data-id=\"#AQuien\">\u00bfA qui\u00e9n va dirigido?<\/a><\/li>\n\n\n\n<li><a href=\"#Contenido\" data-type=\"internal\" data-id=\"#Contenido\">Contenido del curso<\/a><\/li>\n\n\n\n<li><a href=\"#Lugar\" data-type=\"internal\" data-id=\"#Lugar\">Lugar del curso<\/a><\/li>\n\n\n\n<li><a href=\"#Fecha\" data-type=\"internal\" data-id=\"#Fecha\">Fecha y hora<\/a><\/li>\n\n\n\n<li><a href=\"#Evento\" data-type=\"internal\" data-id=\"#Evento\">Evento de cierre<\/a><\/li>\n\n\n\n<li><a href=\"#Inscribete\" data-type=\"internal\" data-id=\"#Inscribete\">Inscr\u00edbete ac\u00e1<\/a><\/li>\n\n\n\n<li><a href=\"#Financiacion\" data-type=\"internal\" data-id=\"#Financiacion\">Financiaci\u00f3n del proyecto<\/a><\/li>\n<\/ul>\n\n\n\n<div class=\"wp-block-columns alignwide is-layout-flex wp-container-core-columns-is-layout-9d6595d7 wp-block-columns-is-layout-flex\">\n<div class=\"wp-block-column is-layout-flow wp-block-column-is-layout-flow\"><\/div>\n\n\n\n<div class=\"wp-block-column is-layout-flow wp-block-column-is-layout-flow\">\n<figure class=\"wp-block-embed is-type-video is-provider-youtube wp-block-embed-youtube\"><div class=\"wp-block-embed__wrapper\">\n<div class=\"nv-iframe-embed\"><div class=\"container-lazyload preview-lazyload container-youtube js-lazyload--not-loaded\"><a href=\"https:\/\/youtu.be\/gzqfIxBYMIs\" class=\"lazy-load-youtube preview-lazyload preview-youtube\" data-video-title=\"Freestyle para Boyac\u00e1 | Programa departamental de est\u00edmulos y fomento cultural segundo semestre 2023\" title=\"Play video &quot;Freestyle para Boyac\u00e1 | Programa departamental de est\u00edmulos y fomento cultural segundo semestre 2023&quot;\" target=\"_blank\" rel=\"noopener\">https:\/\/youtu.be\/gzqfIxBYMIs<\/a><noscript>Video can&#8217;t be loaded because JavaScript is disabled: <a href=\"https:\/\/youtu.be\/gzqfIxBYMIs\" title=\"Freestyle para Boyac\u00e1 | Programa departamental de est\u00edmulos y fomento cultural segundo semestre 2023\" target=\"_blank\" rel=\"noopener\">Freestyle para Boyac\u00e1 | Programa departamental de est\u00edmulos y fomento cultural segundo semestre 2023 (https:\/\/youtu.be\/gzqfIxBYMIs)<\/a><\/noscript><\/div><\/div>\n<\/div><\/figure>\n<\/div>\n\n\n\n<div class=\"wp-block-column is-layout-flow wp-block-column-is-layout-flow\"><\/div>\n<\/div>\n\n\n\n<h2 class=\"wp-block-heading\" id=\"Objetivo\">Objetivo del curso<\/h2>\n\n\n\n<ul class=\"wp-block-list\">\n<li>&nbsp;Ense\u00f1ar los conceptos de danza Freestyle a una comunidad como medio de expresi\u00f3n de sentimientos que sirva como catarsis para liberar la presi\u00f3n que tenemos de la vida cotidiana.<\/li>\n<\/ul>\n\n\n\n<h2 class=\"wp-block-heading\" id=\"AQuien\">\u00bfA qui\u00e9n va dirigido?<\/h2>\n\n\n\n<p>Est\u00e1 dirigido a principiantes, aunque las t\u00e9cnicas no son ense\u00f1adas en la regi\u00f3n, por lo que es normal que no las conozcan personas que incluso llevan ya un tiempo en la danza.<\/p>\n\n\n\n<h2 class=\"wp-block-heading\" id=\"Contenido\">Contenido del curso<\/h2>\n\n\n\n<p>El curso tiene 12 horas de clase, las cuales tendr\u00e1n el siguiente contenido:<\/p>\n\n\n\n<figure class=\"wp-block-table aligncenter is-style-stripes\"><table><tbody><tr><td>1&nbsp;<\/td><td class=\"has-text-align-left\" data-align=\"left\">Con\u00f3cete a ti mismo. Evaluaci\u00f3n del estado inicial.<\/td><\/tr><tr><td>2&nbsp;<\/td><td class=\"has-text-align-left\" data-align=\"left\">Musicalidad y ritmo musical<\/td><\/tr><tr><td>3&nbsp;<\/td><td class=\"has-text-align-left\" data-align=\"left\">Ejercicios de groove<\/td><\/tr><tr><td>4<\/td><td class=\"has-text-align-left\" data-align=\"left\">Pasos de house<\/td><\/tr><tr><td>5<\/td><td class=\"has-text-align-left\" data-align=\"left\">Pasos de hip hop<\/td><\/tr><tr><td>6<\/td><td class=\"has-text-align-left\" data-align=\"left\">Ejercicios para realizar transiciones de forma fluida.&nbsp;<\/td><\/tr><tr><td>7<\/td><td class=\"has-text-align-left\" data-align=\"left\">T\u00e9cnicas para crear variaciones a los pasos de forma fluida (altura, reloj y posiciones de pies)<\/td><\/tr><tr><td>8<\/td><td class=\"has-text-align-left\" data-align=\"left\">T\u00e9cnicas para crear variaciones a los pasos de forma fluida (Touching) y trabajo de muletillas.<\/td><\/tr><tr><td>9<\/td><td class=\"has-text-align-left\" data-align=\"left\">Ejercicios de reacciones<\/td><\/tr><tr><td>10<\/td><td class=\"has-text-align-left\" data-align=\"left\">Ejercicios de foco<\/td><\/tr><tr><td>11<\/td><td class=\"has-text-align-left\" data-align=\"left\">Concepto de storytelling y ejercicios.<\/td><\/tr><tr><td>12<\/td><td class=\"has-text-align-left\" data-align=\"left\">Evaluaci\u00f3n final y progreso<\/td><\/tr><\/tbody><\/table><\/figure>\n\n\n\n<h2 class=\"wp-block-heading\" id=\"Lugar\">Lugar del curso<\/h2>\n\n\n\n<p>Se realizar\u00e1 en las instalaciones de la academia Dunkan Dance Studio en la ciudad de Tunja, Boyac\u00e1. La direcci\u00f3n es Cra. 12 # 19 &#8211; 51 centro.<\/p>\n\n\n\n<div style=\"text-align: center\"><iframe data-src=\"https:\/\/www.google.com\/maps\/embed?pb=!1m18!1m12!1m3!1d3971.227191874021!2d-73.3667833242729!3d5.533281033876203!2m3!1f0!2f0!3f0!3m2!1i1024!2i768!4f13.1!3m3!1m2!1s0x8e6a7d8e1149fcb3%3A0xfd420a27a7114c35!2sDunkan%20Dance%20Studio%20Tunja!5e0!3m2!1ses!2sco!4v1696624958642!5m2!1ses!2sco\" width=\"600\" height=\"450\" style=\"border:0;\" allowfullscreen=\"\" referrerpolicy=\"no-referrer-when-downgrade\" src=\"data:image\/svg+xml;base64,PHN2ZyB3aWR0aD0iMSIgaGVpZ2h0PSIxIiB4bWxucz0iaHR0cDovL3d3dy53My5vcmcvMjAwMC9zdmciPjwvc3ZnPg==\" class=\"lazyload\" data-load-mode=\"1\"><\/iframe><\/div>\n\n\n\n<h2 class=\"wp-block-heading\" id=\"Fecha\">Fecha y hora<\/h2>\n\n\n\n<p>El curso se realizar\u00e1 los siguientes s\u00e1bados:<\/p>\n\n\n\n<ul class=\"wp-block-list\">\n<li>Octubre 21 y 28<\/li>\n\n\n\n<li>Noviembre 11, 18, 25<\/li>\n\n\n\n<li>Diciembre 2<\/li>\n<\/ul>\n\n\n\n<p>La hora para esos d\u00edas es:<\/p>\n\n\n\n<ul class=\"wp-block-list\">\n<li>3:00 PM a  5:00 PM<\/li>\n<\/ul>\n\n\n\n<h2 class=\"wp-block-heading\" id=\"Evento\">Evento de cierre<\/h2>\n\n\n\n<p>Al finalizar el curso vamos a hacer un evento de divulgaci\u00f3n que tendr\u00e1 mucho para ti.<\/p>\n\n\n\n<ul class=\"wp-block-list\">\n<li>Invitado especial que dar\u00e1 un workshop<\/li>\n\n\n\n<li>Batallas<\/li>\n\n\n\n<li>Cypher<\/li>\n<\/ul>\n\n\n\n<p>\u00bfCu\u00e1ndo se realizar\u00e1?<\/p>\n\n\n\n<ul class=\"wp-block-list\">\n<li>Domingo 3 de diciembre a las 2:00PM<\/li>\n<\/ul>\n\n\n\n<h2 class=\"wp-block-heading\" id=\"Inscribete\">Inscr\u00edbete ac\u00e1<\/h2>\n\n\n\n<div style=\"text-align: center\"><iframe data-src=\"https:\/\/docs.google.com\/forms\/d\/e\/1FAIpQLScKwBNeswEqse9sqHxhw7l3SnpOJGIAQcaMzQ__AiCLPublOQ\/viewform?embedded=true\" width=\"640\" height=\"3499\" frameborder=\"0\" marginheight=\"0\" marginwidth=\"0\" src=\"data:image\/svg+xml;base64,PHN2ZyB3aWR0aD0iMSIgaGVpZ2h0PSIxIiB4bWxucz0iaHR0cDovL3d3dy53My5vcmcvMjAwMC9zdmciPjwvc3ZnPg==\" class=\"lazyload\" data-load-mode=\"1\">Cargando\u2026<\/iframe><\/div>\n\n\n\n<h2 class=\"wp-block-heading\" id=\"Financiacion\">Financiaci\u00f3n<\/h2>\n\n\n\n<p>Este proyecto gan\u00f3 la convocatoria del &#8220;PROGRAMA DEPARTAMENTAL DE EST\u00cdMULOS Y FOMENTO CULTURAL SEGUNDO SEMESTRE 2023&#8221; que realiz\u00f3 la Secretar\u00eda de Cultura y Patrimonio de la Gobernaci\u00f3n de Boyac\u00e1.<\/p>\n\n\n<div class=\"wp-block-image\">\n<figure class=\"aligncenter size-full\"><img decoding=\"async\" width=\"893\" height=\"63\" data-src=\"https:\/\/sqardance.com\/wp-content\/uploads\/2023\/10\/LogoGob.png\" alt=\"\" class=\"wp-image-214 lazyload\" data-srcset=\"https:\/\/sqardance.com\/wp-content\/uploads\/2023\/10\/LogoGob.png 893w, https:\/\/sqardance.com\/wp-content\/uploads\/2023\/10\/LogoGob-300x21.png 300w, https:\/\/sqardance.com\/wp-content\/uploads\/2023\/10\/LogoGob-768x54.png 768w\" data-sizes=\"(max-width: 893px) 100vw, 893px\" src=\"data:image\/svg+xml;base64,PHN2ZyB3aWR0aD0iMSIgaGVpZ2h0PSIxIiB4bWxucz0iaHR0cDovL3d3dy53My5vcmcvMjAwMC9zdmciPjwvc3ZnPg==\" style=\"--smush-placeholder-width: 893px; --smush-placeholder-aspect-ratio: 893\/63;\" \/><\/figure><\/div>","protected":false},"excerpt":{"rendered":"<p>Si en alg\u00fan momento has querido aprender a bailar de forma fluida sin pensar en una coreograf\u00eda, este es tu curso. Te vamos a ense\u00f1ar t\u00e9cnicas para que sueltes tu cuerpo poco a poco concentr\u00e1ndote en ejercicios que har\u00e1n que te muevas de forma fluida. Objetivo del curso \u00bfA qui\u00e9n va dirigido? Est\u00e1 dirigido a&hellip;&nbsp;<a href=\"https:\/\/sqardance.com\/index.php\/freestyle-para-boyaca\/\" rel=\"bookmark\"><span class=\"screen-reader-text\">Curso de danza &#8220;Freestyle para Boyac\u00e1&#8221; (Tunja)<\/span><\/a><\/p>\n","protected":false},"author":1,"featured_media":0,"parent":0,"menu_order":0,"comment_status":"closed","ping_status":"closed","template":"","meta":{"neve_meta_sidebar":"","neve_meta_container":"","neve_meta_enable_content_width":"","neve_meta_content_width":0,"neve_meta_title_alignment":"","neve_meta_author_avatar":"","neve_post_elements_order":"","neve_meta_disable_header":"","neve_meta_disable_footer":"","neve_meta_disable_title":"","footnotes":""},"class_list":["post-168","page","type-page","status-publish","hentry"],"_links":{"self":[{"href":"https:\/\/sqardance.com\/index.php\/wp-json\/wp\/v2\/pages\/168","targetHints":{"allow":["GET"]}}],"collection":[{"href":"https:\/\/sqardance.com\/index.php\/wp-json\/wp\/v2\/pages"}],"about":[{"href":"https:\/\/sqardance.com\/index.php\/wp-json\/wp\/v2\/types\/page"}],"author":[{"embeddable":true,"href":"https:\/\/sqardance.com\/index.php\/wp-json\/wp\/v2\/users\/1"}],"replies":[{"embeddable":true,"href":"https:\/\/sqardance.com\/index.php\/wp-json\/wp\/v2\/comments?post=168"}],"version-history":[{"count":17,"href":"https:\/\/sqardance.com\/index.php\/wp-json\/wp\/v2\/pages\/168\/revisions"}],"predecessor-version":[{"id":506,"href":"https:\/\/sqardance.com\/index.php\/wp-json\/wp\/v2\/pages\/168\/revisions\/506"}],"wp:attachment":[{"href":"https:\/\/sqardance.com\/index.php\/wp-json\/wp\/v2\/media?parent=168"}],"curies":[{"name":"wp","href":"https:\/\/api.w.org\/{rel}","templated":true}]}}