{"id":1608,"date":"2025-01-31T00:33:12","date_gmt":"2025-01-31T00:33:12","guid":{"rendered":"https:\/\/sqardance.com\/?page_id=1608"},"modified":"2025-01-31T05:45:40","modified_gmt":"2025-01-31T05:45:40","slug":"es-real","status":"publish","type":"page","link":"https:\/\/sqardance.com\/index.php\/krump\/preguntas\/es-real\/","title":{"rendered":"\u00bfEl Krump es real?"},"content":{"rendered":"\n<p>El Krump ha tenido diferentes olas de popularidad, sin embargo, la que lo llev\u00f3 a ser conocido por muchas personas alejadas del baile es el meme de Marge bailando Krump. Por eso mucha gente se cuestiona si existe de verdad o s\u00f3lo es un meme. El Krump s\u00ed existe y es uno de los estilos de baile de Hip Hop new school m\u00e1s populares que hay. <\/p>\n\n\n\n<p>Para que te hagas una idea de qu\u00e9 es el Krump, viene de la cultura del Hip Hop. Nace como una de las formas de liberar estr\u00e9s de las cosas malas que nos pasan continuamente, en especial en el contexto de barrios peligrosos en el que se cre\u00f3. Es por eso que es un estilo de baile agresivo con mucha energ\u00eda y supremamente explosivo. Ac\u00e1 te dejo tanto el meme como una competencia de Krump en la realidad.<\/p>\n\n\n\n<div class=\"wp-block-columns is-layout-flex wp-container-core-columns-is-layout-9d6595d7 wp-block-columns-is-layout-flex\">\n<div class=\"wp-block-column is-layout-flow wp-block-column-is-layout-flow\">\n<h2 class=\"wp-block-heading\">Meme de Marge<\/h2>\n\n\n\n<figure class=\"wp-block-embed is-type-video is-provider-youtube wp-block-embed-youtube\"><div class=\"wp-block-embed__wrapper\">\n<div class=\"nv-iframe-embed\"><div class=\"container-lazyload preview-lazyload container-youtube js-lazyload--not-loaded\"><a href=\"https:\/\/youtu.be\/cbsiZQganXc\" class=\"lazy-load-youtube preview-lazyload preview-youtube\" data-video-title=\"Marge Krumping! \u266b [Original HD]\" title=\"Play video &quot;Marge Krumping! \u266b [Original HD]&quot;\" target=\"_blank\" rel=\"noopener\">https:\/\/youtu.be\/cbsiZQganXc<\/a><noscript>Video can&#8217;t be loaded because JavaScript is disabled: <a href=\"https:\/\/youtu.be\/cbsiZQganXc\" title=\"Marge Krumping! \u266b [Original HD]\" target=\"_blank\" rel=\"noopener\">Marge Krumping! \u266b [Original HD] (https:\/\/youtu.be\/cbsiZQganXc)<\/a><\/noscript><\/div><\/div>\n<\/div><\/figure>\n<\/div>\n\n\n\n<div class=\"wp-block-column is-layout-flow wp-block-column-is-layout-flow\">\n<h2 class=\"wp-block-heading\">Krump en la realidad<\/h2>\n\n\n\n<figure class=\"wp-block-embed is-type-video is-provider-youtube wp-block-embed-youtube\"><div class=\"wp-block-embed__wrapper\">\n<div class=\"nv-iframe-embed\"><div class=\"container-lazyload preview-lazyload container-youtube js-lazyload--not-loaded\"><a href=\"https:\/\/youtu.be\/nsKg4aZFolU\" class=\"lazy-load-youtube preview-lazyload preview-youtube\" data-video-title=\"Sniper vs Brui5er | Male Final | EBS Krump 2023\" title=\"Play video &quot;Sniper vs Brui5er | Male Final | EBS Krump 2023&quot;\" target=\"_blank\" rel=\"noopener\">https:\/\/youtu.be\/nsKg4aZFolU<\/a><noscript>Video can&#8217;t be loaded because JavaScript is disabled: <a href=\"https:\/\/youtu.be\/nsKg4aZFolU\" title=\"Sniper vs Brui5er | Male Final | EBS Krump 2023\" target=\"_blank\" rel=\"noopener\">Sniper vs Brui5er | Male Final | EBS Krump 2023 (https:\/\/youtu.be\/nsKg4aZFolU)<\/a><\/noscript><\/div><\/div>\n<\/div><\/figure>\n<\/div>\n<\/div>\n\n\n\n<h2 class=\"wp-block-heading\">Otros art\u00edculos que te pueden interesar<\/h2>\n\n\n\n<figure class=\"wp-block-gallery has-nested-images columns-default is-cropped wp-block-gallery-1 is-layout-flex wp-block-gallery-is-layout-flex\">\n<figure class=\"wp-block-image size-large\"><a href=\"https:\/\/sqardance.com\/index.php\/clases-de-baile\/que-tan-dificil-es-aprender-a-bailar-y-cuanto-se-demora\/\"><img decoding=\"async\" width=\"767\" height=\"1024\" data-id=\"697\" data-src=\"https:\/\/sqardance.com\/wp-content\/uploads\/2024\/01\/pexels-cottonbro-studio-7974882-edited-767x1024.jpg\" alt=\"\" class=\"wp-image-697 lazyload\" data-srcset=\"https:\/\/sqardance.com\/wp-content\/uploads\/2024\/01\/pexels-cottonbro-studio-7974882-edited-767x1024.jpg 767w, https:\/\/sqardance.com\/wp-content\/uploads\/2024\/01\/pexels-cottonbro-studio-7974882-edited-225x300.jpg 225w, https:\/\/sqardance.com\/wp-content\/uploads\/2024\/01\/pexels-cottonbro-studio-7974882-edited-768x1025.jpg 768w, https:\/\/sqardance.com\/wp-content\/uploads\/2024\/01\/pexels-cottonbro-studio-7974882-edited-1151x1536.jpg 1151w, https:\/\/sqardance.com\/wp-content\/uploads\/2024\/01\/pexels-cottonbro-studio-7974882-edited-scaled.jpg 749w\" data-sizes=\"(max-width: 767px) 100vw, 767px\" src=\"data:image\/svg+xml;base64,PHN2ZyB3aWR0aD0iMSIgaGVpZ2h0PSIxIiB4bWxucz0iaHR0cDovL3d3dy53My5vcmcvMjAwMC9zdmciPjwvc3ZnPg==\" style=\"--smush-placeholder-width: 767px; --smush-placeholder-aspect-ratio: 767\/1024;\" \/><\/a><figcaption class=\"wp-element-caption\"><a href=\"https:\/\/sqardance.com\/index.php\/clases-de-baile\/que-tan-dificil-es-aprender-a-bailar-y-cuanto-se-demora\/\" data-type=\"page\" data-id=\"713\">\u00bfCu\u00e1nto se demora en aprender a bailar?<\/a><\/figcaption><\/figure>\n\n\n\n<figure class=\"wp-block-image size-large\"><a href=\"https:\/\/sqardance.com\/index.php\/metal-dance\/como-bailar-metal\/\"><img decoding=\"async\" width=\"254\" height=\"254\" data-id=\"755\" data-src=\"https:\/\/sqardance.com\/wp-content\/uploads\/2024\/02\/Babymetal-edited.jpg\" alt=\"\" class=\"wp-image-755 lazyload\" data-srcset=\"https:\/\/sqardance.com\/wp-content\/uploads\/2024\/02\/Babymetal-edited.jpg 254w, https:\/\/sqardance.com\/wp-content\/uploads\/2024\/02\/Babymetal-edited-150x150.jpg 150w\" data-sizes=\"(max-width: 254px) 100vw, 254px\" src=\"data:image\/svg+xml;base64,PHN2ZyB3aWR0aD0iMSIgaGVpZ2h0PSIxIiB4bWxucz0iaHR0cDovL3d3dy53My5vcmcvMjAwMC9zdmciPjwvc3ZnPg==\" style=\"--smush-placeholder-width: 254px; --smush-placeholder-aspect-ratio: 254\/254;\" \/><\/a><figcaption class=\"wp-element-caption\"><a href=\"https:\/\/sqardance.com\/index.php\/metal-dance\/como-bailar-metal\/\" data-type=\"page\" data-id=\"235\">\u00bfC\u00f3mo se baila el metal?<\/a><\/figcaption><\/figure>\n\n\n\n<figure class=\"wp-block-image size-large\"><a href=\"https:\/\/sqardance.com\/index.php\/fundamentos-de-la-danza\/que-es\/\"><img decoding=\"async\" width=\"1024\" height=\"1024\" data-id=\"693\" data-src=\"https:\/\/sqardance.com\/wp-content\/uploads\/2024\/01\/pexels-darcy-delia-1446563-edited-1-1024x1024.jpg\" alt=\"Qu\u00e9 es el baile\" class=\"wp-image-693 lazyload\" data-srcset=\"https:\/\/sqardance.com\/wp-content\/uploads\/2024\/01\/pexels-darcy-delia-1446563-edited-1-1024x1024.jpg 1024w, https:\/\/sqardance.com\/wp-content\/uploads\/2024\/01\/pexels-darcy-delia-1446563-edited-1-300x300.jpg 300w, https:\/\/sqardance.com\/wp-content\/uploads\/2024\/01\/pexels-darcy-delia-1446563-edited-1-150x150.jpg 150w, https:\/\/sqardance.com\/wp-content\/uploads\/2024\/01\/pexels-darcy-delia-1446563-edited-1-768x768.jpg 768w, https:\/\/sqardance.com\/wp-content\/uploads\/2024\/01\/pexels-darcy-delia-1446563-edited-1-1536x1536.jpg 1536w, https:\/\/sqardance.com\/wp-content\/uploads\/2024\/01\/pexels-darcy-delia-1446563-edited-1-2048x2048.jpg 2048w, https:\/\/sqardance.com\/wp-content\/uploads\/2024\/01\/pexels-darcy-delia-1446563-edited-1-scaled.jpg 1000w\" data-sizes=\"(max-width: 1024px) 100vw, 1024px\" src=\"data:image\/svg+xml;base64,PHN2ZyB3aWR0aD0iMSIgaGVpZ2h0PSIxIiB4bWxucz0iaHR0cDovL3d3dy53My5vcmcvMjAwMC9zdmciPjwvc3ZnPg==\" style=\"--smush-placeholder-width: 1024px; --smush-placeholder-aspect-ratio: 1024\/1024;\" \/><\/a><figcaption class=\"wp-element-caption\"><a href=\"https:\/\/sqardance.com\/index.php\/fundamentos-de-la-danza\/que-es\/\" data-type=\"page\" data-id=\"1298\">\u00bfQu\u00e9 es la danza?<\/a><\/figcaption><\/figure>\n<\/figure>\n","protected":false},"excerpt":{"rendered":"<p>El Krump ha tenido diferentes olas de popularidad, sin embargo, la que lo llev\u00f3 a ser conocido por muchas personas alejadas del baile es el meme de Marge bailando Krump. Por eso mucha gente se cuestiona si existe de verdad o s\u00f3lo es un meme. El Krump s\u00ed existe y es uno de los estilos&hellip;&nbsp;<a href=\"https:\/\/sqardance.com\/index.php\/krump\/preguntas\/es-real\/\" rel=\"bookmark\"><span class=\"screen-reader-text\">\u00bfEl Krump es real?<\/span><\/a><\/p>\n","protected":false},"author":1,"featured_media":0,"parent":1561,"menu_order":0,"comment_status":"closed","ping_status":"closed","template":"","meta":{"neve_meta_sidebar":"","neve_meta_container":"","neve_meta_enable_content_width":"","neve_meta_content_width":0,"neve_meta_title_alignment":"","neve_meta_author_avatar":"","neve_post_elements_order":"","neve_meta_disable_header":"","neve_meta_disable_footer":"","neve_meta_disable_title":"","footnotes":""},"class_list":["post-1608","page","type-page","status-publish","hentry"],"_links":{"self":[{"href":"https:\/\/sqardance.com\/index.php\/wp-json\/wp\/v2\/pages\/1608","targetHints":{"allow":["GET"]}}],"collection":[{"href":"https:\/\/sqardance.com\/index.php\/wp-json\/wp\/v2\/pages"}],"about":[{"href":"https:\/\/sqardance.com\/index.php\/wp-json\/wp\/v2\/types\/page"}],"author":[{"embeddable":true,"href":"https:\/\/sqardance.com\/index.php\/wp-json\/wp\/v2\/users\/1"}],"replies":[{"embeddable":true,"href":"https:\/\/sqardance.com\/index.php\/wp-json\/wp\/v2\/comments?post=1608"}],"version-history":[{"count":5,"href":"https:\/\/sqardance.com\/index.php\/wp-json\/wp\/v2\/pages\/1608\/revisions"}],"predecessor-version":[{"id":1616,"href":"https:\/\/sqardance.com\/index.php\/wp-json\/wp\/v2\/pages\/1608\/revisions\/1616"}],"up":[{"embeddable":true,"href":"https:\/\/sqardance.com\/index.php\/wp-json\/wp\/v2\/pages\/1561"}],"wp:attachment":[{"href":"https:\/\/sqardance.com\/index.php\/wp-json\/wp\/v2\/media?parent=1608"}],"curies":[{"name":"wp","href":"https:\/\/api.w.org\/{rel}","templated":true}]}}