{"id":1422,"date":"2024-11-27T09:06:51","date_gmt":"2024-11-27T09:06:51","guid":{"rendered":"https:\/\/sqardance.com\/?page_id=1422"},"modified":"2024-11-27T09:06:52","modified_gmt":"2024-11-27T09:06:52","slug":"que-es-lo-mas-importante","status":"publish","type":"page","link":"https:\/\/sqardance.com\/index.php\/fundamentos-de-la-danza\/que-es-lo-mas-importante\/","title":{"rendered":"\u00bfQu\u00e9 es lo m\u00e1s importante en la danza?"},"content":{"rendered":"\n<div class=\"wp-block-group\"><div class=\"wp-block-group__inner-container is-layout-constrained wp-block-group-is-layout-constrained\">\n<p>Cuando aprendemos sobre danza casi nadie nos dice qu\u00e9 es lo importante y eso hace que nos equivoquemos e incluso perdamos tiempo. Es algo muy personal, por lo tanto subjetivo, cada persona te dir\u00e1 una realidad individual, pero te invito a que busques la tuya. Desde mi perspectiva todo en el baile tiene una importancia, pero no todo es igual de relevante y mi ranking de importancia ser\u00eda el siguiente: objetivo, ritmo, groove, movimientos fundamentales y pasos, historia de la danza que se baila. Ac\u00e1 te doy los motivos por los que lo posiciono en cada uno de ellos.<\/p>\n\n\n<div class=\"wp-block-image\">\n<figure class=\"alignright size-large is-resized\"><img decoding=\"async\" width=\"639\" height=\"853\" data-src=\"https:\/\/sqardance.com\/wp-content\/uploads\/2024\/11\/pexels-allan-mas-5368956-edited.jpg\" alt=\"Estilos de Baile de Hip Hop\" class=\"wp-image-1431 lazyload\" style=\"--smush-placeholder-width: 639px; --smush-placeholder-aspect-ratio: 639\/853;width:411px;height:auto\" data-srcset=\"https:\/\/sqardance.com\/wp-content\/uploads\/2024\/11\/pexels-allan-mas-5368956-edited.jpg 639w, https:\/\/sqardance.com\/wp-content\/uploads\/2024\/11\/pexels-allan-mas-5368956-edited-225x300.jpg 225w\" data-sizes=\"(max-width: 639px) 100vw, 639px\" src=\"data:image\/svg+xml;base64,PHN2ZyB3aWR0aD0iMSIgaGVpZ2h0PSIxIiB4bWxucz0iaHR0cDovL3d3dy53My5vcmcvMjAwMC9zdmciPjwvc3ZnPg==\" \/><\/figure><\/div><\/div><\/div>\n\n\n\n<h2 class=\"wp-block-heading\">Contenido<\/h2>\n\n\n\n<ul class=\"wp-block-list\">\n<li><a href=\"#Objetivo\" data-type=\"internal\" data-id=\"#Objetivo\">Objetivo <\/a><\/li>\n\n\n\n<li><a href=\"#Ritmo\" data-type=\"internal\" data-id=\"#Ritmo\">Ritmo <\/a><\/li>\n\n\n\n<li><a href=\"#Groove\" data-type=\"internal\" data-id=\"#Groove\">Groove <\/a><\/li>\n\n\n\n<li><a href=\"#Movimientos\" data-type=\"internal\" data-id=\"#Movimientos\">Movimientos fundamentales y pasos <\/a><\/li>\n\n\n\n<li><a href=\"#Historia\" data-type=\"internal\" data-id=\"#Historia\">Historia de la danza que se baila<\/a><\/li>\n\n\n\n<li><a href=\"#Conclusion\" data-type=\"internal\" data-id=\"#Conclusion\">Conclusi\u00f3n<\/a><\/li>\n<\/ul>\n\n\n\n<h2 class=\"wp-block-heading\" id=\"Objetivo\">Objetivo<\/h2>\n\n\n\n<p>Si ya has conocido sobre la <a href=\"https:\/\/sqardance.com\/index.php\/fundamentos-de-la-danza\/que-es\/\" data-type=\"page\" data-id=\"1298\">definici\u00f3n de danza<\/a>, sabr\u00e1s que el objetivo es parte importante a la hora de bailar. No es lo mismo el baile social, que el performance, el religioso o cualquier otro tipo de baile. Cada uno se mueve en un contexto distinto y debes tenerlo claro para poder lograrlo. Si no te centras en el objetivo va a seguir siendo baile, pero ser\u00e1 malo.<\/p>\n\n\n\n<p>Por ejemplo, si intentas un llamar la atenci\u00f3n de un p\u00fablico sintiendo un momento de introspecci\u00f3n con la danza, lo m\u00e1s probable es que no llames la atenci\u00f3n porque la introspecci\u00f3n es individual. O si buscas llegar a un punto religioso centr\u00e1ndote en lo que piensan los dem\u00e1s, aunque llames la atenci\u00f3n no vas a lograr ese aspecto religioso de la danza porque te centras en algo externo. <\/p>\n\n\n\n<h2 class=\"wp-block-heading\" id=\"Ritmo\">Ritmo<\/h2>\n\n\n\n<p>Retomando una des las <a href=\"https:\/\/sqardance.com\/index.php\/fundamentos-de-la-danza\/que-es\/\" data-type=\"page\" data-id=\"1298\">definiciones de la danza<\/a>, es un movimiento r\u00edtmico. Eso implica que incumplir con la base r\u00edtmica tambi\u00e9n implica dejar de lado la definici\u00f3n de danza. Incluso si no se baila con m\u00fasica, s\u00ed es conveniente mantener un ritmo, lo que le dar\u00e1 est\u00e9tica al movimiento.<br><br>Otro argumento es que usualmente la danza va acompa\u00f1ada de m\u00fasica, lo que implica que hay que conectarse y eso se logra a trav\u00e9s del ritmo. Aunque te sepas unos pasos de baile, si no los haces al ritmo de la m\u00fasica, entonces no estar\u00e1s bailando. Y no es suficiente con llevar el beat, tambi\u00e9n hay que sentir las vueltas musicales, ya que al final es donde las canciones suelen tener los cambios, como al finalizar un coro o un estribillo, es muy bueno acompa\u00f1ar esos cambios con diferencias de sensaciones en los movimientos. <\/p>\n\n\n\n<h2 class=\"wp-block-heading\" id=\"Groove\">Groove<\/h2>\n\n\n\n<p>Ya tengo un art\u00edculo completo explicando <a href=\"https:\/\/sqardance.com\/index.php\/fundamentos-de-la-danza\/que-es-el-groove-en-la-danza\/\" data-type=\"page\" data-id=\"677\">qu\u00e9 es el Groove<\/a>, as\u00ed que no entrar\u00e9 en detalle porque es muy complejo y extenso. Sin embargo, en el Groove se encuentra toda la sensaci\u00f3n, incluso de ah\u00ed es que se identifica el estilo de baile. De hecho es m\u00e1s importante que saber pasos de baile, puedes hacerlo a tiempo, pero sin Groove se ver\u00e1 feo, pero puedes hacer s\u00f3lo <a href=\"https:\/\/sqardance.com\/index.php\/fundamentos-de-la-danza\/bounce\/\" data-type=\"page\" data-id=\"415\">Bounce<\/a> con un buen Groove y se ve muy bonito. Mucha gente lo deja de lado porque es muy dif\u00edcil trabajar y muy lento de aprender. Un paso, por complicado que sea, lo aprendemos en una semana, pero hacer que se vea bien toma much\u00edsimo m\u00e1s tiempo, a veces a\u00f1os.<\/p>\n\n\n\n<p>En el siguiente video se ve un ejemplo muy ch\u00e9vere de este caso, de una persona que graba su proceso durante un a\u00f1o y muestra su avance. Ah\u00ed se ve muy claro como al inicio apenas hac\u00eda los movimientos, algo que de por s\u00ed no es f\u00e1cil lograrlo, pero que no es suficiente para tener un baile muy bonito y llamativo. Al final ya ten\u00eda un avance en ese sentido, se ve m\u00e1s fluido y mucho m\u00e1s c\u00f3modo al bailar. <\/p>\n\n\n\n<figure class=\"wp-block-embed alignfull is-type-video is-provider-youtube wp-block-embed-youtube\"><div class=\"wp-block-embed__wrapper\">\n<div class=\"nv-iframe-embed\"><div class=\"container-lazyload preview-lazyload container-youtube js-lazyload--not-loaded\"><a href=\"https:\/\/youtu.be\/EGQCBaf6CQk\" class=\"lazy-load-youtube preview-lazyload preview-youtube\" data-video-title=\"1 Year Shuffle Dance Transformation\" title=\"Play video &quot;1 Year Shuffle Dance Transformation&quot;\" target=\"_blank\" rel=\"noopener\">https:\/\/youtu.be\/EGQCBaf6CQk<\/a><noscript>Video can&#8217;t be loaded because JavaScript is disabled: <a href=\"https:\/\/youtu.be\/EGQCBaf6CQk\" title=\"1 Year Shuffle Dance Transformation\" target=\"_blank\" rel=\"noopener\">1 Year Shuffle Dance Transformation (https:\/\/youtu.be\/EGQCBaf6CQk)<\/a><\/noscript><\/div><\/div>\n<\/div><\/figure>\n\n\n\n<h2 class=\"wp-block-heading\" id=\"Movimientos\">Movimientos fundamentales y pasos<\/h2>\n\n\n\n<p>Una vez ya tengas el objetivo con el que bailas, manejes el ritmo y tengas un buen Groove, lo siguiente que recomiendo dominar son los movimientos fundamentales y pasos. Cada estilo de baile tiene unos movimientos principales, eso te ayudar\u00e1 a tener un baile con fundamentos. Adem\u00e1s, dominarlos no s\u00f3lo significa hacerlos, tambi\u00e9n modificarlos e incluso descomponerlos, as\u00ed lograr\u00e1s tener un baile variado, que no es nada mon\u00f3tono. <\/p>\n\n\n\n<p>Con saber as\u00ed sean 4 pasos, pero bien dominados puedes llegar a hacer un estilo baile completo. Ejemplos de eso hay varios, el Shuffle tiene 4 fundations, el LiteFeet tiene 5, el Krump no tiene ning\u00fan paso de baile, sino tiene s\u00f3lo movimientos y son m\u00e1s o menos 10 b\u00e1sicos. Entre m\u00e1s los conozcas podr\u00e1s bailar mejor, pero que no se te quede en la cabeza que es s\u00f3lo el paso o movimiento, sino que debes manejar las mil variaciones que se te ocurran e incluso al nivel de poder improvisar variaciones nuevas. <\/p>\n\n\n\n<h2 class=\"wp-block-heading\" id=\"Historia\">Historia de la danza que se baila<\/h2>\n\n\n\n<p>El \u00faltimo aspecto que me parece vital conocer es la historia de lo que se baila. Por un lado el Groove tiene una componente hist\u00f3rica, pero tambi\u00e9n es importante porque nos ense\u00f1a el significado de los movimientos. Por ejemplo, \u00bfpor qu\u00e9 el electro dance se baila con los brazos? Eso ocurre porque en las fiestas blackout, donde todo era oscuro, se pon\u00edan objetos fluorescentes en los brazos y bailaban jugando con las luces. As\u00ed hay muchos contextos que nos ense\u00f1an sobre c\u00f3mo y por qu\u00e9 se baila de una forma u otra.<\/p>\n\n\n\n<p>Tambi\u00e9n est\u00e1 el hecho del significado de los pasos de baile. Es importante conocerlos para usarlos en nuestra comunicaci\u00f3n a trav\u00e9s de la danza. Dado que no toda danza implica comunicaci\u00f3n o que no todos conocen esa parte de la historia, entonces no siempre es \u00fatil, pero en muchos contextos s\u00ed lo es y puede que sea hasta ofensivo para ciertas personas. En el Hip Hop y el Dancehall se encuentran unos pasos que demuestran que s\u00ed hay casos donde importa. El C-Step es un paso que nace en las pandillas cuando comet\u00edan cierto tipo de crimen en Estados Unidos, mientras que el Badman era la incitaci\u00f3n previa a una pelea entre pandillas en las discotecas en Jamaica. En ciertas \u00e9pocas si hac\u00edas esos pasos pod\u00edas meterte en problemas.<\/p>\n\n\n\n<h2 class=\"wp-block-heading\" id=\"Conclusion\">Conclusi\u00f3n<\/h2>\n\n\n\n<p>Como resumen puedo decir que para tener una danza completa no se puede depender de un s\u00f3lo par\u00e1metro, pero s\u00ed le podemos dar m\u00e1s valor a unos que a otros. Los que yo he definido son objetivo, ritmo, groove, movimientos fundamentales o pasos, e historia de la danza que se baila. Los argumentos los he basado en su utilidad para que logre el objetivo de la danza, en especial el de comunicar. No es una verdad absoluta, cada uno busca su propio camino, pero esto te puede servir de gu\u00eda para encontrar el tuyo.<\/p>\n\n\n\n<h2 class=\"wp-block-heading\">Otros art\u00edculos que te pueden interesar<\/h2>\n\n\n\n<figure class=\"wp-block-gallery has-nested-images columns-default is-cropped wp-block-gallery-1 is-layout-flex wp-block-gallery-is-layout-flex\">\n<figure class=\"wp-block-image size-large\"><a href=\"https:\/\/sqardance.com\/index.php\/clases-de-baile\/que-tan-dificil-es-aprender-a-bailar-y-cuanto-se-demora\/\"><img decoding=\"async\" width=\"320\" height=\"427\" data-id=\"874\" data-src=\"https:\/\/sqardance.com\/wp-content\/uploads\/2024\/03\/pexels-david-awokoya-5935969-edited.jpg\" alt=\"\" class=\"wp-image-874 lazyload\" data-srcset=\"https:\/\/sqardance.com\/wp-content\/uploads\/2024\/03\/pexels-david-awokoya-5935969-edited.jpg 320w, https:\/\/sqardance.com\/wp-content\/uploads\/2024\/03\/pexels-david-awokoya-5935969-edited-225x300.jpg 225w\" data-sizes=\"(max-width: 320px) 100vw, 320px\" src=\"data:image\/svg+xml;base64,PHN2ZyB3aWR0aD0iMSIgaGVpZ2h0PSIxIiB4bWxucz0iaHR0cDovL3d3dy53My5vcmcvMjAwMC9zdmciPjwvc3ZnPg==\" style=\"--smush-placeholder-width: 320px; --smush-placeholder-aspect-ratio: 320\/427;\" \/><\/a><figcaption class=\"wp-element-caption\"><a href=\"https:\/\/sqardance.com\/index.php\/clases-de-baile\/que-tan-dificil-es-aprender-a-bailar-y-cuanto-se-demora\/\" data-type=\"page\" data-id=\"713\">\u00bfCu\u00e1nto se demora en aprender a bailar?<\/a><\/figcaption><\/figure>\n\n\n\n<figure class=\"wp-block-image size-large\"><a href=\"https:\/\/sqardance.com\/index.php\/fundamentos-de-la-danza\/que-es\/\"><img decoding=\"async\" width=\"1024\" height=\"1024\" data-id=\"693\" data-src=\"https:\/\/sqardance.com\/wp-content\/uploads\/2024\/01\/pexels-darcy-delia-1446563-edited-1-1024x1024.jpg\" alt=\"Conceptos B\u00e1sicos del Baile\" class=\"wp-image-693 lazyload\" data-srcset=\"https:\/\/sqardance.com\/wp-content\/uploads\/2024\/01\/pexels-darcy-delia-1446563-edited-1-1024x1024.jpg 1024w, https:\/\/sqardance.com\/wp-content\/uploads\/2024\/01\/pexels-darcy-delia-1446563-edited-1-300x300.jpg 300w, https:\/\/sqardance.com\/wp-content\/uploads\/2024\/01\/pexels-darcy-delia-1446563-edited-1-150x150.jpg 150w, https:\/\/sqardance.com\/wp-content\/uploads\/2024\/01\/pexels-darcy-delia-1446563-edited-1-768x768.jpg 768w, https:\/\/sqardance.com\/wp-content\/uploads\/2024\/01\/pexels-darcy-delia-1446563-edited-1-1536x1536.jpg 1536w, https:\/\/sqardance.com\/wp-content\/uploads\/2024\/01\/pexels-darcy-delia-1446563-edited-1-2048x2048.jpg 2048w, https:\/\/sqardance.com\/wp-content\/uploads\/2024\/01\/pexels-darcy-delia-1446563-edited-1-scaled.jpg 1000w\" data-sizes=\"(max-width: 1024px) 100vw, 1024px\" src=\"data:image\/svg+xml;base64,PHN2ZyB3aWR0aD0iMSIgaGVpZ2h0PSIxIiB4bWxucz0iaHR0cDovL3d3dy53My5vcmcvMjAwMC9zdmciPjwvc3ZnPg==\" style=\"--smush-placeholder-width: 1024px; --smush-placeholder-aspect-ratio: 1024\/1024;\" \/><\/a><figcaption class=\"wp-element-caption\"><a href=\"https:\/\/sqardance.com\/index.php\/fundamentos-de-la-danza\/que-es\/\" data-type=\"page\" data-id=\"1298\">\u00bfQu\u00e9 es el baile?<\/a><\/figcaption><\/figure>\n\n\n\n<figure class=\"wp-block-image size-large\"><a href=\"https:\/\/sqardance.com\/index.php\/hip-hop\/estilos-de-baile\/\"><img decoding=\"async\" width=\"767\" height=\"1024\" data-id=\"688\" data-src=\"https:\/\/sqardance.com\/wp-content\/uploads\/2024\/01\/pexels-cottonbro-studio-7958139-edited-1-767x1024.jpg\" alt=\"Elemento del Hip Hop Street Fashion\" class=\"wp-image-688 lazyload\" data-srcset=\"https:\/\/sqardance.com\/wp-content\/uploads\/2024\/01\/pexels-cottonbro-studio-7958139-edited-1-767x1024.jpg 767w, https:\/\/sqardance.com\/wp-content\/uploads\/2024\/01\/pexels-cottonbro-studio-7958139-edited-1-225x300.jpg 225w, https:\/\/sqardance.com\/wp-content\/uploads\/2024\/01\/pexels-cottonbro-studio-7958139-edited-1-768x1025.jpg 768w, https:\/\/sqardance.com\/wp-content\/uploads\/2024\/01\/pexels-cottonbro-studio-7958139-edited-1-scaled.jpg 749w\" data-sizes=\"(max-width: 767px) 100vw, 767px\" src=\"data:image\/svg+xml;base64,PHN2ZyB3aWR0aD0iMSIgaGVpZ2h0PSIxIiB4bWxucz0iaHR0cDovL3d3dy53My5vcmcvMjAwMC9zdmciPjwvc3ZnPg==\" style=\"--smush-placeholder-width: 767px; --smush-placeholder-aspect-ratio: 767\/1024;\" \/><\/a><figcaption class=\"wp-element-caption\"><a href=\"https:\/\/sqardance.com\/index.php\/hip-hop\/estilos-de-baile\/\" data-type=\"page\" data-id=\"501\">Estilos de baile del Hip Hop<\/a><\/figcaption><\/figure>\n<\/figure>\n","protected":false},"excerpt":{"rendered":"<p>Cuando aprendemos sobre danza casi nadie nos dice qu\u00e9 es lo importante y eso hace que nos equivoquemos e incluso perdamos tiempo. Es algo muy personal, por lo tanto subjetivo, cada persona te dir\u00e1 una realidad individual, pero te invito a que busques la tuya. Desde mi perspectiva todo en el baile tiene una importancia,&hellip;&nbsp;<a href=\"https:\/\/sqardance.com\/index.php\/fundamentos-de-la-danza\/que-es-lo-mas-importante\/\" rel=\"bookmark\"><span class=\"screen-reader-text\">\u00bfQu\u00e9 es lo m\u00e1s importante en la danza?<\/span><\/a><\/p>\n","protected":false},"author":1,"featured_media":0,"parent":182,"menu_order":0,"comment_status":"closed","ping_status":"closed","template":"","meta":{"neve_meta_sidebar":"","neve_meta_container":"","neve_meta_enable_content_width":"","neve_meta_content_width":0,"neve_meta_title_alignment":"","neve_meta_author_avatar":"","neve_post_elements_order":"","neve_meta_disable_header":"","neve_meta_disable_footer":"","neve_meta_disable_title":"","footnotes":""},"class_list":["post-1422","page","type-page","status-publish","hentry"],"_links":{"self":[{"href":"https:\/\/sqardance.com\/index.php\/wp-json\/wp\/v2\/pages\/1422","targetHints":{"allow":["GET"]}}],"collection":[{"href":"https:\/\/sqardance.com\/index.php\/wp-json\/wp\/v2\/pages"}],"about":[{"href":"https:\/\/sqardance.com\/index.php\/wp-json\/wp\/v2\/types\/page"}],"author":[{"embeddable":true,"href":"https:\/\/sqardance.com\/index.php\/wp-json\/wp\/v2\/users\/1"}],"replies":[{"embeddable":true,"href":"https:\/\/sqardance.com\/index.php\/wp-json\/wp\/v2\/comments?post=1422"}],"version-history":[{"count":8,"href":"https:\/\/sqardance.com\/index.php\/wp-json\/wp\/v2\/pages\/1422\/revisions"}],"predecessor-version":[{"id":1434,"href":"https:\/\/sqardance.com\/index.php\/wp-json\/wp\/v2\/pages\/1422\/revisions\/1434"}],"up":[{"embeddable":true,"href":"https:\/\/sqardance.com\/index.php\/wp-json\/wp\/v2\/pages\/182"}],"wp:attachment":[{"href":"https:\/\/sqardance.com\/index.php\/wp-json\/wp\/v2\/media?parent=1422"}],"curies":[{"name":"wp","href":"https:\/\/api.w.org\/{rel}","templated":true}]}}