{"id":1298,"date":"2024-11-11T06:49:55","date_gmt":"2024-11-11T06:49:55","guid":{"rendered":"https:\/\/sqardance.com\/?page_id=1298"},"modified":"2024-11-11T06:49:56","modified_gmt":"2024-11-11T06:49:56","slug":"que-es","status":"publish","type":"page","link":"https:\/\/sqardance.com\/index.php\/fundamentos-de-la-danza\/que-es\/","title":{"rendered":"\u00bfQu\u00e9 es la danza?"},"content":{"rendered":"\n<div class=\"wp-block-group\"><div class=\"wp-block-group__inner-container is-layout-constrained wp-block-group-is-layout-constrained\">\n<p>La danza es un arte que tiene muchas definiciones a trav\u00e9s de la historia. Cada una de ellas depende de un contexto o incluso la utilidad que se busca. Ac\u00e1 te muestro varias definiciones y c\u00f3mo varia dependiendo del tipo de danza.<\/p>\n\n\n<div class=\"wp-block-image\">\n<figure class=\"alignright size-full is-resized\"><img decoding=\"async\" width=\"262\" height=\"465\" data-src=\"https:\/\/sqardance.com\/wp-content\/uploads\/2024\/11\/My-Generation-Limp-Bizkit-edited.png\" alt=\"Qu\u00e9 es la danza: definici\u00f3n\" class=\"wp-image-1377 lazyload\" style=\"--smush-placeholder-width: 262px; --smush-placeholder-aspect-ratio: 262\/465;width:350px;height:auto\" data-srcset=\"https:\/\/sqardance.com\/wp-content\/uploads\/2024\/11\/My-Generation-Limp-Bizkit-edited.png 262w, https:\/\/sqardance.com\/wp-content\/uploads\/2024\/11\/My-Generation-Limp-Bizkit-edited-169x300.png 169w\" data-sizes=\"(max-width: 262px) 100vw, 262px\" src=\"data:image\/svg+xml;base64,PHN2ZyB3aWR0aD0iMSIgaGVpZ2h0PSIxIiB4bWxucz0iaHR0cDovL3d3dy53My5vcmcvMjAwMC9zdmciPjwvc3ZnPg==\" \/><\/figure><\/div><\/div><\/div>\n\n\n\n<h2 class=\"wp-block-heading\">Contenido<\/h2>\n\n\n\n<ul class=\"wp-block-list\">\n<li><a href=\"#Definicion\" data-type=\"internal\" data-id=\"#Definicion\">Definici\u00f3n b\u00e1sica de la danza<\/a><\/li>\n\n\n\n<li><a href=\"#Social\" data-type=\"internal\" data-id=\"#Social\">\u00bfQu\u00e9 es la danza social?<\/a>\n<ul class=\"wp-block-list\">\n<li><a href=\"#Ejemplo-social\" data-type=\"internal\" data-id=\"#Ejemplo-social\">Ejemplo de salsa social colombiana<\/a><\/li>\n<\/ul>\n<\/li>\n\n\n\n<li><a href=\"#Performance\" data-type=\"internal\" data-id=\"#Performance\">\u00bfQu\u00e9 es la danza desde el punto de vista del performance?<\/a><\/li>\n\n\n\n<li><a href=\"#Religiosa\" data-type=\"internal\" data-id=\"#Religiosa\">\u00bfQu\u00e9 es la danza desde el punto de religioso?<\/a><\/li>\n\n\n\n<li><a href=\"#Protesta\" data-type=\"internal\" data-id=\"#Protesta\">Danza protesta<\/a><\/li>\n\n\n\n<li><a href=\"#Propia\" data-type=\"internal\" data-id=\"#Propia\">\u00bfQu\u00e9 es la danza con tus propias palabras?<\/a><\/li>\n<\/ul>\n\n\n\n<h2 class=\"wp-block-heading\" id=\"Definicion\">Definici\u00f3n b\u00e1sica de la danza<\/h2>\n\n\n\n<p>La definici\u00f3n m\u00e1s com\u00fan e informal de la danza es la interpretaci\u00f3n de la m\u00fasica a trav\u00e9s de los movimientos del cuerpo. Sin embargo, \u00bfsi alguien hace exactamente la misma secuencia de movimiento sin m\u00fasica, entonces ya no es danza? Es por eso que se lleg\u00f3 a la conclusi\u00f3n de que la danza es el movimiento r\u00edtmico del cuerpo, usualmente, pero no exclusivamente, siguiendo patrones musicales.<\/p>\n\n\n\n<p>El objetivo tambi\u00e9n se toma en cuenta dentro de la definici\u00f3n de danza. Muchos hablan de una expresi\u00f3n, pero tambi\u00e9n es algo cuestionable porque hay personas que bailan solas, sin que nadie los vea. Entonces se dice que ese movimiento tiene objetivos expresivos, liberar energ\u00eda o simplemente deleitarse con el movimiento, lo que ser\u00eda una b\u00fasqueda est\u00e9tica. Eso implica que no es un \u00fanico objetivo y por lo tanto se puede dar una definici\u00f3n de danza dependiendo de cada uno de ellos.<\/p>\n\n\n\n<h2 class=\"wp-block-heading\" id=\"Social\">\u00bfQu\u00e9 es la danza social?<\/h2>\n\n\n\n<p>La danza en nuestra historia se volvi\u00f3 una de las formas de socializar, en especial lo que conocemos como bailes de sal\u00f3n.  En este caso el objetivo es la interacci\u00f3n humana. La danza se transforma en una excusa para acercarme a la otra persona y deja de ser importante si me muevo bonito. Suele aceptar a todo los tipos de niveles por lo que muchas veces suelen ser pasos sencillos y repetitivos. Tambi\u00e9n es com\u00fan que sea espont\u00e1nea, aunque en algunos casos pueden hacerse coreograf\u00edas y esa es la excusa para compartir. <\/p>\n\n\n\n<p>La salsa es un ejemplo claro de este tipo de danza. En Latinoam\u00e9rica es muy com\u00fan que la salsa sea la m\u00fasica que se usa en fiestas y celebraciones, lo que se usa para bailar e interactuar. Personalmente, en Colombia, he incluso sacado a bailar a chicas que ni conozco (nunca las hab\u00eda visto), es una forma de abrir la comunicaci\u00f3n. Se estira la mano, si ella acepta, entonces le coge a uno la mano y comenzamos con los pasos b\u00e1sicos de la salsa, realmente no se suelen hacer grandes pasos, con s\u00f3lo saber dominar el <a href=\"https:\/\/youtu.be\/c0aBLZNistk?t=18\" data-type=\"link\" data-id=\"https:\/\/youtu.be\/c0aBLZNistk?t=18\" target=\"_blank\" rel=\"noopener\">paso b\u00e1sico de salsa<\/a> y unas vueltas es suficiente, porque el objetivo no es lucirse, sino comunicarse y que ambos podamos bailar. Tambi\u00e9n se debe tener buena disociaci\u00f3n porque mientras se baila tambi\u00e9n se habla, e incluso se coquetea.<\/p>\n\n\n\n<h3 class=\"wp-block-heading\" id=\"Ejemplo-social\">Ejemplo de salsa social colombiana<\/h3>\n\n\n\n<figure class=\"wp-block-embed alignwide is-type-video is-provider-youtube wp-block-embed-youtube\"><div class=\"wp-block-embed__wrapper\">\n<div class=\"nv-iframe-embed\"><div class=\"container-lazyload preview-lazyload container-youtube js-lazyload--not-loaded\"><a href=\"https:\/\/youtu.be\/-Vq7zovdf-8\" class=\"lazy-load-youtube preview-lazyload preview-youtube\" data-video-title=\"Salsa cale\u00f1a, salsa colombiana Social\" title=\"Play video &quot;Salsa cale\u00f1a, salsa colombiana Social&quot;\" target=\"_blank\" rel=\"noopener\">https:\/\/youtu.be\/-Vq7zovdf-8<\/a><noscript>Video can&#8217;t be loaded because JavaScript is disabled: <a href=\"https:\/\/youtu.be\/-Vq7zovdf-8\" title=\"Salsa cale\u00f1a, salsa colombiana Social\" target=\"_blank\" rel=\"noopener\">Salsa cale\u00f1a, salsa colombiana Social (https:\/\/youtu.be\/-Vq7zovdf-8)<\/a><\/noscript><\/div><\/div>\n<\/div><\/figure>\n\n\n\n<h2 class=\"wp-block-heading\" id=\"Performance\">\u00bfQu\u00e9 es la danza desde el punto de vista del performance?<\/h2>\n\n\n\n<p>La definici\u00f3n de la danza performance busca satisfacer una audiencia. Por lo tanto ac\u00e1 la danza s\u00ed es un tipo de comunicaci\u00f3n que al mismo tiempo quiere generar una est\u00e9tica superior. Son movimientos r\u00edtmicos que llaman la atenci\u00f3n, que buscan comunicar a la audiencia alg\u00fan tipo de sensaci\u00f3n, historia o la visi\u00f3n art\u00edstica que se desee. T\u00e9cnicamente es muy avanzado, ya que al buscar la admiraci\u00f3n, no lo van a hacer con cualquier secuencia sencilla, debe ser algo que demuestre a\u00f1os de entrenamiento. Inicialmente se hac\u00eda en los teatros, pero a medida que las tecnolog\u00edas y las culturas cambiaron, tambi\u00e9n se realiza en las calles o para c\u00e1maras en una audiencia lejana.<\/p>\n\n\n\n<figure class=\"wp-block-embed is-type-video is-provider-youtube wp-block-embed-youtube\"><div class=\"wp-block-embed__wrapper\">\n<div class=\"nv-iframe-embed\"><div class=\"container-lazyload preview-lazyload container-youtube js-lazyload--not-loaded\"><a href=\"https:\/\/www.youtube.com\/watch?v=sr9yLNfM38w\" class=\"lazy-load-youtube preview-lazyload preview-youtube\" data-video-title=\"[KPOP IN PUBLIC] [One take] PSY _ THAT THAT (prod.&amp; feat. SUGA of BTS) | Dance Cover by EST CREW\" title=\"Play video &quot;[KPOP IN PUBLIC] [One take] PSY _ THAT THAT (prod.&amp; feat. SUGA of BTS) | Dance Cover by EST CREW&quot;\" target=\"_blank\" rel=\"noopener\">https:\/\/www.youtube.com\/watch?v=sr9yLNfM38w<\/a><noscript>Video can&#8217;t be loaded because JavaScript is disabled: <a href=\"https:\/\/www.youtube.com\/watch?v=sr9yLNfM38w\" title=\"[KPOP IN PUBLIC] [One take] PSY _ THAT THAT (prod.&amp; feat. SUGA of BTS) | Dance Cover by EST CREW\" target=\"_blank\" rel=\"noopener\">[KPOP IN PUBLIC] [One take] PSY _ THAT THAT (prod.&amp; feat. SUGA of BTS) | Dance Cover by EST CREW (https:\/\/www.youtube.com\/watch?v=sr9yLNfM38w)<\/a><\/noscript><\/div><\/div>\n<\/div><\/figure>\n\n\n\n<p>Ac\u00e1 existen dos tipos de performance. Uno es planeado, estudiado trabajado previamente, lo que vienen siendo las coreograf\u00edas, las m\u00e1s conocidas en la actualidad son los bailes de las canciones de K-pop. Por otro lado, tambi\u00e9n hay performance que nacen desde la improvisaci\u00f3n, como lo son en la actualidad las batallas. Tienen el mismo objetivo, pero debe salir de la improvisaci\u00f3n, los movimientos no se planean, incluso a veces ni se conoce la canci\u00f3n que se est\u00e1 escuchando, pero debe impresionar al p\u00fablico.  <\/p>\n\n\n\n<figure class=\"wp-block-embed is-type-video is-provider-youtube wp-block-embed-youtube\"><div class=\"wp-block-embed__wrapper\">\n<div class=\"nv-iframe-embed\"><div class=\"container-lazyload preview-lazyload container-youtube js-lazyload--not-loaded\"><a href=\"https:\/\/youtu.be\/G1wMW-Yblsw?t=38\" class=\"lazy-load-youtube preview-lazyload preview-youtube\" data-video-title=\"BREAK- ANIMATION el mejor baile del mundo\" title=\"Play video &quot;BREAK- ANIMATION el mejor baile del mundo&quot;\" target=\"_blank\" rel=\"noopener\">https:\/\/youtu.be\/G1wMW-Yblsw?t=38<\/a><noscript>Video can&#8217;t be loaded because JavaScript is disabled: <a href=\"https:\/\/youtu.be\/G1wMW-Yblsw?t=38\" title=\"BREAK- ANIMATION el mejor baile del mundo\" target=\"_blank\" rel=\"noopener\">BREAK- ANIMATION el mejor baile del mundo (https:\/\/youtu.be\/G1wMW-Yblsw?t=38)<\/a><\/noscript><\/div><\/div>\n<\/div><\/figure>\n\n\n\n<h2 class=\"wp-block-heading\" id=\"Religiosa\">\u00bfQu\u00e9 es la danza desde el punto de religioso?<\/h2>\n\n\n\n<p>Desde las \u00e9pocas tribales se ha tenido la danza. En muchos rituales se ha utilizado como medio de liberaci\u00f3n espiritual y de conexi\u00f3n con lo divino. Una caracter\u00edstica muy com\u00fan, es que son bailes en comunidad, aunque por definici\u00f3n no tienen esta condici\u00f3n, es muy raro encontrar alg\u00fan caso distinto. Usualmente se relaciona con rituales ind\u00edgenas o de raices africanas, los cuales s\u00ed la incluyen en muchos casos, pero no es exclusivo de ellos. Se encuentran danzas en comunidades cristianas tambi\u00e9n y en casi cualquier religi\u00f3n. A veces s\u00f3lo se desea expresar devoci\u00f3n a un Dios a trav\u00e9s del baile, pero tambi\u00e9n se puede buscar una conexi\u00f3n profunda espiritual.<\/p>\n\n\n\n<figure class=\"wp-block-embed alignwide is-type-video is-provider-youtube wp-block-embed-youtube\"><div class=\"wp-block-embed__wrapper\">\n<div class=\"nv-iframe-embed\"><div class=\"container-lazyload preview-lazyload container-youtube js-lazyload--not-loaded\"><a href=\"https:\/\/youtu.be\/dNuQY4UKOPA\" class=\"lazy-load-youtube preview-lazyload preview-youtube\" data-video-title=\"Ministerio de danza cat\u00f3lico Shekinah , Canci\u00f3n Padre Juan Andr\u00e9s Barrera Yo me rindo a ti\" title=\"Play video &quot;Ministerio de danza cat\u00f3lico Shekinah , Canci\u00f3n Padre Juan Andr\u00e9s Barrera Yo me rindo a ti&quot;\" target=\"_blank\" rel=\"noopener\">https:\/\/youtu.be\/dNuQY4UKOPA<\/a><noscript>Video can&#8217;t be loaded because JavaScript is disabled: <a href=\"https:\/\/youtu.be\/dNuQY4UKOPA\" title=\"Ministerio de danza cat\u00f3lico Shekinah , Canci\u00f3n Padre Juan Andr\u00e9s Barrera Yo me rindo a ti\" target=\"_blank\" rel=\"noopener\">Ministerio de danza cat\u00f3lico Shekinah , Canci\u00f3n Padre Juan Andr\u00e9s Barrera Yo me rindo a ti (https:\/\/youtu.be\/dNuQY4UKOPA)<\/a><\/noscript><\/div><\/div>\n<\/div><\/figure>\n\n\n\n<p>Aunque pueda parecer que este tipo de danza es ancestral o tradicional, realmente es muy actual y siempre est\u00e1 con nosotros. El ejemplo m\u00e1s reciente es el del <a href=\"https:\/\/sqardance.com\/index.php\/krump\/\" data-type=\"page\" data-id=\"1069\">Krump<\/a>, que las siglas traducen algo como Alabanza Poderosa Elevada Radicalmente del Reino. Aunque mucha gente lo conoce como un estilo de baile agresivo, que se utiliza para batallar y darle mucha fuerza a cualquier performance, su inicio es espiritual. En el documental llamado Rize muestra como buscan llegar al un estado de trance mediante el baile, incluso llegan a perder la consciencia solamente bailando, como el caso de la chica a partir del minuto 32 del siguiente video de ese documental.<\/p>\n\n\n\n<figure class=\"wp-block-embed alignwide is-type-video is-provider-youtube wp-block-embed-youtube\"><div class=\"wp-block-embed__wrapper\">\n<div class=\"nv-iframe-embed\"><div class=\"container-lazyload preview-lazyload container-youtube js-lazyload--not-loaded\"><a href=\"https:\/\/youtu.be\/Sm3fMuUN9FM?t=1493\" class=\"lazy-load-youtube preview-lazyload preview-youtube\" data-video-title=\"RIZE | DOCUMENTARY | Full Movie\" title=\"Play video &quot;RIZE | DOCUMENTARY | Full Movie&quot;\" target=\"_blank\" rel=\"noopener\">https:\/\/youtu.be\/Sm3fMuUN9FM?t=1493<\/a><noscript>Video can&#8217;t be loaded because JavaScript is disabled: <a href=\"https:\/\/youtu.be\/Sm3fMuUN9FM?t=1493\" title=\"RIZE | DOCUMENTARY | Full Movie\" target=\"_blank\" rel=\"noopener\">RIZE | DOCUMENTARY | Full Movie (https:\/\/youtu.be\/Sm3fMuUN9FM?t=1493)<\/a><\/noscript><\/div><\/div>\n<\/div><\/figure>\n\n\n\n<h2 class=\"wp-block-heading\" id=\"Protesta\">Danza protesta<\/h2>\n\n\n\n<p>En las protestas se suele utilizar un gran n\u00famero de expresiones culturales, siendo la danza unas de las principales. El objetivo es llamar la atenci\u00f3n y hacer que el mensaje de la protestas se vuelva masivo. El arte en este caso es un medio de divulgaci\u00f3n. Para hacerlo masivo, se requiere que sea algo muy popular y t\u00e9cnicamente sencillo para poder ser replicado por manifestantes, que pocas veces son bailarines.<\/p>\n\n\n\n<p>El siguiente ejemplo muestra el caso de unos estudiantes que luchan precisamente por la educaci\u00f3n p\u00fablica en Argentina. Es interesante ver que efectivamente el baile no fue espont\u00e1neo, es planeado con el objetivo de dar a conocer la problem\u00e1tica y llamar la atenci\u00f3n. Tambi\u00e9n mencionan que la coreograf\u00eda la hicieron unos pocos y luego la compartieron con varios ensayos generales.<\/p>\n\n\n\n<figure class=\"wp-block-embed alignwide is-type-video is-provider-youtube wp-block-embed-youtube\"><div class=\"wp-block-embed__wrapper\">\n<div class=\"nv-iframe-embed\"><div class=\"container-lazyload preview-lazyload container-youtube js-lazyload--not-loaded\"><a href=\"https:\/\/youtu.be\/rJIy0zfQugk\" class=\"lazy-load-youtube preview-lazyload preview-youtube\" data-video-title=\"ESTUDIANTES UNIVERSITARIOS BAILARON UNA CANCI\u00d3N DE LALI EN ONCE PARA DEFENDER LA EDUCACI\u00d3N P\u00daBLICA\" title=\"Play video &quot;ESTUDIANTES UNIVERSITARIOS BAILARON UNA CANCI\u00d3N DE LALI EN ONCE PARA DEFENDER LA EDUCACI\u00d3N P\u00daBLICA&quot;\" target=\"_blank\" rel=\"noopener\">https:\/\/youtu.be\/rJIy0zfQugk<\/a><noscript>Video can&#8217;t be loaded because JavaScript is disabled: <a href=\"https:\/\/youtu.be\/rJIy0zfQugk\" title=\"ESTUDIANTES UNIVERSITARIOS BAILARON UNA CANCI\u00d3N DE LALI EN ONCE PARA DEFENDER LA EDUCACI\u00d3N P\u00daBLICA\" target=\"_blank\" rel=\"noopener\">ESTUDIANTES UNIVERSITARIOS BAILARON UNA CANCI\u00d3N DE LALI EN ONCE PARA DEFENDER LA EDUCACI\u00d3N P\u00daBLICA (https:\/\/youtu.be\/rJIy0zfQugk)<\/a><\/noscript><\/div><\/div>\n<\/div><\/figure>\n\n\n\n<h2 class=\"wp-block-heading\" id=\"Propia\">\u00bfQu\u00e9 es la danza con tus propias palabras?<\/h2>\n\n\n\n<p>En mi perspectiva, cada uno debe tener una definici\u00f3n de danza, de lo contrario no puedes saber qu\u00e9 est\u00e1s haciendo al bailar. Sin embargo, tenemos que ser conscientes de que al definirlo la delimitamos y eso para un arte es muy malo, pasa como el ejemplo de bailar sin m\u00fasica, que rompi\u00f3 la definici\u00f3n de que el baile es el movimiento del cuerpo interpretando la m\u00fasica. Y tenemos que ser conscientes de que a veces puede incluso ser necesario hacer definiciones m\u00e1s cerradas para que no todo sea baile, una llanta de un carro andando tiene un movimiento r\u00edtmico, pero no es bailar, esos l\u00edmites lo vuelven complejo.<\/p>\n\n\n\n<p>En mi definici\u00f3n actual <strong>el baile es el movimiento r\u00edtmico del cuerpo que genera sensaciones<\/strong>. En mi definici\u00f3n no importa la comunicaci\u00f3n, yo puedo bailar s\u00f3lo en mi casa y sigue siendo baile a pesar de que es para m\u00ed, pero si no me hace sentir nada, entonces deja de ser baile. Esa tambi\u00e9n es una de las caracter\u00edsticas m\u00e1s dif\u00edciles de conseguir, que no sea un movimiento normal, no es suficiente con llevar el ritmo con el pie. Es ah\u00ed en donde yo delimito lo que es danza y lo que no. <\/p>\n\n\n\n<h2 class=\"wp-block-heading\">Otros art\u00edculos que te pueden interesar<\/h2>\n\n\n\n<figure class=\"wp-block-gallery has-nested-images columns-default is-cropped wp-block-gallery-1 is-layout-flex wp-block-gallery-is-layout-flex\">\n<figure class=\"wp-block-image size-large\"><a href=\"https:\/\/sqardance.com\/index.php\/fundamentos-de-la-danza\/elementos\/\"><img decoding=\"async\" width=\"1024\" height=\"1024\" data-id=\"693\" data-src=\"https:\/\/sqardance.com\/wp-content\/uploads\/2024\/01\/pexels-darcy-delia-1446563-edited-1-1024x1024.jpg\" alt=\"Conceptos B\u00e1sicos del Baile\" class=\"wp-image-693 lazyload\" data-srcset=\"https:\/\/sqardance.com\/wp-content\/uploads\/2024\/01\/pexels-darcy-delia-1446563-edited-1-1024x1024.jpg 1024w, https:\/\/sqardance.com\/wp-content\/uploads\/2024\/01\/pexels-darcy-delia-1446563-edited-1-300x300.jpg 300w, https:\/\/sqardance.com\/wp-content\/uploads\/2024\/01\/pexels-darcy-delia-1446563-edited-1-150x150.jpg 150w, https:\/\/sqardance.com\/wp-content\/uploads\/2024\/01\/pexels-darcy-delia-1446563-edited-1-768x768.jpg 768w, https:\/\/sqardance.com\/wp-content\/uploads\/2024\/01\/pexels-darcy-delia-1446563-edited-1-1536x1536.jpg 1536w, https:\/\/sqardance.com\/wp-content\/uploads\/2024\/01\/pexels-darcy-delia-1446563-edited-1-2048x2048.jpg 2048w, https:\/\/sqardance.com\/wp-content\/uploads\/2024\/01\/pexels-darcy-delia-1446563-edited-1-scaled.jpg 1000w\" data-sizes=\"(max-width: 1024px) 100vw, 1024px\" src=\"data:image\/svg+xml;base64,PHN2ZyB3aWR0aD0iMSIgaGVpZ2h0PSIxIiB4bWxucz0iaHR0cDovL3d3dy53My5vcmcvMjAwMC9zdmciPjwvc3ZnPg==\" style=\"--smush-placeholder-width: 1024px; --smush-placeholder-aspect-ratio: 1024\/1024;\" \/><\/a><figcaption class=\"wp-element-caption\"><a href=\"https:\/\/sqardance.com\/index.php\/fundamentos-de-la-danza\/elementos\/\" data-type=\"page\" data-id=\"402\">Elementos de la danza<\/a><\/figcaption><\/figure>\n\n\n\n<figure class=\"wp-block-image size-large\"><a href=\"https:\/\/sqardance.com\/index.php\/clases-de-baile\/que-tan-dificil-es-aprender-a-bailar-y-cuanto-se-demora\/\"><img decoding=\"async\" width=\"640\" height=\"960\" data-id=\"906\" data-src=\"https:\/\/sqardance.com\/wp-content\/uploads\/2024\/03\/pexels-bianca-gabas-2467768.jpg\" alt=\"\" class=\"wp-image-906 lazyload\" data-srcset=\"https:\/\/sqardance.com\/wp-content\/uploads\/2024\/03\/pexels-bianca-gabas-2467768.jpg 640w, https:\/\/sqardance.com\/wp-content\/uploads\/2024\/03\/pexels-bianca-gabas-2467768-200x300.jpg 200w\" data-sizes=\"(max-width: 640px) 100vw, 640px\" src=\"data:image\/svg+xml;base64,PHN2ZyB3aWR0aD0iMSIgaGVpZ2h0PSIxIiB4bWxucz0iaHR0cDovL3d3dy53My5vcmcvMjAwMC9zdmciPjwvc3ZnPg==\" style=\"--smush-placeholder-width: 640px; --smush-placeholder-aspect-ratio: 640\/960;\" \/><\/a><figcaption class=\"wp-element-caption\"><a href=\"https:\/\/sqardance.com\/index.php\/clases-de-baile\/que-tan-dificil-es-aprender-a-bailar-y-cuanto-se-demora\/\" data-type=\"page\" data-id=\"713\">\u00bfCu\u00e1nto se demora en aprender a bailar?<\/a><\/figcaption><\/figure>\n\n\n\n<figure class=\"wp-block-image size-large\"><a href=\"https:\/\/sqardance.com\/index.php\/hip-hop\/estilos-de-baile\/\"><img decoding=\"async\" width=\"480\" height=\"853\" data-id=\"1119\" data-src=\"https:\/\/sqardance.com\/wp-content\/uploads\/2024\/04\/pexels-keenan-constance-2865891-edited.jpg\" alt=\"Elementos del Hip Hop\" class=\"wp-image-1119 lazyload\" data-srcset=\"https:\/\/sqardance.com\/wp-content\/uploads\/2024\/04\/pexels-keenan-constance-2865891-edited.jpg 480w, https:\/\/sqardance.com\/wp-content\/uploads\/2024\/04\/pexels-keenan-constance-2865891-edited-169x300.jpg 169w\" data-sizes=\"(max-width: 480px) 100vw, 480px\" src=\"data:image\/svg+xml;base64,PHN2ZyB3aWR0aD0iMSIgaGVpZ2h0PSIxIiB4bWxucz0iaHR0cDovL3d3dy53My5vcmcvMjAwMC9zdmciPjwvc3ZnPg==\" style=\"--smush-placeholder-width: 480px; --smush-placeholder-aspect-ratio: 480\/853;\" \/><\/a><figcaption class=\"wp-element-caption\"><a href=\"https:\/\/sqardance.com\/index.php\/hip-hop\/estilos-de-baile\/\" data-type=\"page\" data-id=\"501\">Estilos de baile del Hip Hop<\/a><\/figcaption><\/figure>\n<\/figure>\n\n\n\n<p><\/p>\n","protected":false},"excerpt":{"rendered":"<p>La danza es un arte que tiene muchas definiciones a trav\u00e9s de la historia. Cada una de ellas depende de un contexto o incluso la utilidad que se busca. Ac\u00e1 te muestro varias definiciones y c\u00f3mo varia dependiendo del tipo de danza. Contenido Definici\u00f3n b\u00e1sica de la danza La definici\u00f3n m\u00e1s com\u00fan e informal de&hellip;&nbsp;<a href=\"https:\/\/sqardance.com\/index.php\/fundamentos-de-la-danza\/que-es\/\" rel=\"bookmark\"><span class=\"screen-reader-text\">\u00bfQu\u00e9 es la danza?<\/span><\/a><\/p>\n","protected":false},"author":1,"featured_media":0,"parent":182,"menu_order":0,"comment_status":"closed","ping_status":"closed","template":"","meta":{"neve_meta_sidebar":"","neve_meta_container":"","neve_meta_enable_content_width":"","neve_meta_content_width":0,"neve_meta_title_alignment":"","neve_meta_author_avatar":"","neve_post_elements_order":"","neve_meta_disable_header":"","neve_meta_disable_footer":"","neve_meta_disable_title":"","footnotes":""},"class_list":["post-1298","page","type-page","status-publish","hentry"],"_links":{"self":[{"href":"https:\/\/sqardance.com\/index.php\/wp-json\/wp\/v2\/pages\/1298","targetHints":{"allow":["GET"]}}],"collection":[{"href":"https:\/\/sqardance.com\/index.php\/wp-json\/wp\/v2\/pages"}],"about":[{"href":"https:\/\/sqardance.com\/index.php\/wp-json\/wp\/v2\/types\/page"}],"author":[{"embeddable":true,"href":"https:\/\/sqardance.com\/index.php\/wp-json\/wp\/v2\/users\/1"}],"replies":[{"embeddable":true,"href":"https:\/\/sqardance.com\/index.php\/wp-json\/wp\/v2\/comments?post=1298"}],"version-history":[{"count":16,"href":"https:\/\/sqardance.com\/index.php\/wp-json\/wp\/v2\/pages\/1298\/revisions"}],"predecessor-version":[{"id":1382,"href":"https:\/\/sqardance.com\/index.php\/wp-json\/wp\/v2\/pages\/1298\/revisions\/1382"}],"up":[{"embeddable":true,"href":"https:\/\/sqardance.com\/index.php\/wp-json\/wp\/v2\/pages\/182"}],"wp:attachment":[{"href":"https:\/\/sqardance.com\/index.php\/wp-json\/wp\/v2\/media?parent=1298"}],"curies":[{"name":"wp","href":"https:\/\/api.w.org\/{rel}","templated":true}]}}