{"id":112,"date":"2023-09-26T07:48:35","date_gmt":"2023-09-26T07:48:35","guid":{"rendered":"https:\/\/sqardance.com\/?page_id=112"},"modified":"2024-11-23T22:55:56","modified_gmt":"2024-11-23T22:55:56","slug":"lista-de-pasos","status":"publish","type":"page","link":"https:\/\/sqardance.com\/index.php\/hip-hop\/lista-de-pasos\/","title":{"rendered":"Lista de pasos de Hip Hop"},"content":{"rendered":"\n<p>El Hip Hop es uno de los bailes que cambi\u00f3 por completo la danza en las \u00faltimas d\u00e9cadas. Es muy importante porque influenci\u00f3 muchos otros estilos de baile. Si te preguntas \u00bfCu\u00e1les son los pasos del hip hop? Te dejo ac\u00e1 una lista de sus pasos m\u00e1s importantes.<\/p>\n\n\n\n<h2 class=\"wp-block-heading\">Pasos de baile de Old school<\/h2>\n\n\n\n<ul class=\"wp-block-list\">\n<li><a href=\"https:\/\/sqardance.com\/index.php\/hip-hop\/lista-de-pasos\/smurf\/\" data-type=\"page\" data-id=\"811\">Smurf<\/a><\/li>\n\n\n\n<li>The prep<\/li>\n\n\n\n<li><a href=\"https:\/\/sqardance.com\/index.php\/hip-hop\/lista-de-pasos-de-hip-hop\/reebok\/\" data-type=\"page\" data-id=\"129\">Reebok<\/a><\/li>\n\n\n\n<li>The Woop <\/li>\n\n\n\n<li>Cabbage Patch<\/li>\n\n\n\n<li><a href=\"https:\/\/sqardance.com\/index.php\/hip-hop\/lista-de-pasos\/happy-feet\/\" data-type=\"page\" data-id=\"1399\">Happy Feet<\/a><\/li>\n\n\n\n<li>The Fila \/ The Rambo<\/li>\n\n\n\n<li><a href=\"https:\/\/sqardance.com\/index.php\/hip-hop\/lista-de-pasos\/criss-cross\/\" data-type=\"page\" data-id=\"731\">Criss Cross<\/a><\/li>\n<\/ul>\n\n\n\n<h2 class=\"wp-block-heading\">Middle School<\/h2>\n\n\n\n<ul class=\"wp-block-list\">\n<li>Running Man<\/li>\n\n\n\n<li>Party Machine<\/li>\n\n\n\n<li><a href=\"https:\/\/sqardance.com\/index.php\/hip-hop\/lista-de-pasos\/roger-rabbit\/\" data-type=\"page\" data-id=\"327\">Rogger Rabbit<\/a><\/li>\n\n\n\n<li>Steve Martin<\/li>\n\n\n\n<li>Bart Simpson<\/li>\n\n\n\n<li>Pepper Seed<\/li>\n\n\n\n<li>BK Bounce<\/li>\n\n\n\n<li>Butterfly<\/li>\n<\/ul>\n\n\n\n<h2 class=\"wp-block-heading\">New School<\/h2>\n\n\n\n<ul class=\"wp-block-list\">\n<li>Monastery<\/li>\n\n\n\n<li>C-Walk \/ Crip-Walk<\/li>\n\n\n\n<li>Bankhead Bounce<\/li>\n\n\n\n<li>Walk it out<\/li>\n\n\n\n<li>Harlem Shake<\/li>\n\n\n\n<li>ATL Stomp<\/li>\n\n\n\n<li><a href=\"https:\/\/sqardance.com\/index.php\/hip-hop\/lista-de-pasos\/tone-whop\/\" data-type=\"page\" data-id=\"1384\">Tone-Whop<\/a><\/li>\n<\/ul>\n","protected":false},"excerpt":{"rendered":"<p>El Hip Hop es uno de los bailes que cambi\u00f3 por completo la danza en las \u00faltimas d\u00e9cadas. Es muy importante porque influenci\u00f3 muchos otros estilos de baile. Si te preguntas \u00bfCu\u00e1les son los pasos del hip hop? Te dejo ac\u00e1 una lista de sus pasos m\u00e1s importantes. Pasos de baile de Old school Middle&hellip;&nbsp;<a href=\"https:\/\/sqardance.com\/index.php\/hip-hop\/lista-de-pasos\/\" rel=\"bookmark\"><span class=\"screen-reader-text\">Lista de pasos de Hip Hop<\/span><\/a><\/p>\n","protected":false},"author":1,"featured_media":0,"parent":110,"menu_order":0,"comment_status":"closed","ping_status":"closed","template":"","meta":{"neve_meta_sidebar":"","neve_meta_container":"","neve_meta_enable_content_width":"","neve_meta_content_width":0,"neve_meta_title_alignment":"","neve_meta_author_avatar":"","neve_post_elements_order":"","neve_meta_disable_header":"","neve_meta_disable_footer":"","neve_meta_disable_title":"","footnotes":""},"class_list":["post-112","page","type-page","status-publish","hentry"],"_links":{"self":[{"href":"https:\/\/sqardance.com\/index.php\/wp-json\/wp\/v2\/pages\/112","targetHints":{"allow":["GET"]}}],"collection":[{"href":"https:\/\/sqardance.com\/index.php\/wp-json\/wp\/v2\/pages"}],"about":[{"href":"https:\/\/sqardance.com\/index.php\/wp-json\/wp\/v2\/types\/page"}],"author":[{"embeddable":true,"href":"https:\/\/sqardance.com\/index.php\/wp-json\/wp\/v2\/users\/1"}],"replies":[{"embeddable":true,"href":"https:\/\/sqardance.com\/index.php\/wp-json\/wp\/v2\/comments?post=112"}],"version-history":[{"count":15,"href":"https:\/\/sqardance.com\/index.php\/wp-json\/wp\/v2\/pages\/112\/revisions"}],"predecessor-version":[{"id":1420,"href":"https:\/\/sqardance.com\/index.php\/wp-json\/wp\/v2\/pages\/112\/revisions\/1420"}],"up":[{"embeddable":true,"href":"https:\/\/sqardance.com\/index.php\/wp-json\/wp\/v2\/pages\/110"}],"wp:attachment":[{"href":"https:\/\/sqardance.com\/index.php\/wp-json\/wp\/v2\/media?parent=112"}],"curies":[{"name":"wp","href":"https:\/\/api.w.org\/{rel}","templated":true}]}}