{"id":104,"date":"2023-10-06T06:53:11","date_gmt":"2023-10-06T06:53:11","guid":{"rendered":"https:\/\/sqardance.com\/?page_id=104"},"modified":"2024-02-08T07:11:00","modified_gmt":"2024-02-08T07:11:00","slug":"metal-dance","status":"publish","type":"page","link":"https:\/\/sqardance.com\/index.php\/metal-dance\/","title":{"rendered":"\u00bfQu\u00e9 es el Metal Dance?"},"content":{"rendered":"\n<p>\u00bfTe has preguntado si el metal se puede bailar? En realidad ya hay gente que lo est\u00e1 bailando, tanto profesionales como amateurs, aunque muchas personas a\u00fan lo desconocen. Contin\u00faa y conoce todo sobre el baile del metal.<\/p>\n\n\n\n<h2 class=\"wp-block-heading\">\u00bfQu\u00e9 es el Metal Dance?<\/h2>\n\n\n\n<p>El Metal Dance es la forma en que estamos llamando al baile del Metal, nosotros pusimos el nombre. Sin embardo, no es algo nuevo ni lo inventamos nosotros, s\u00f3lo  intentamos recopilar las formas de baile que se adaptan muy bien al metal. La condici\u00f3n que hemos encontrado es que son todos esos movimientos de baile que respetan el Groove metalero. Tambi\u00e9n tenemos propuestos nuestros pasos.<\/p>\n\n\n\n<h2 class=\"wp-block-heading\">\u00bfQu\u00e9 artistas han bailado metal?<\/h2>\n\n\n\n<p>De los artistas famosos, algunos han llamado a bailarines en sus videos o incluso en sus presentaciones en vivo. Los m\u00e1s populares son los siguientes:<\/p>\n\n\n\n<ul class=\"wp-block-list\">\n<li>Limp Bizkit<\/li>\n\n\n\n<li>BabyMetal<\/li>\n\n\n\n<li>Dreamcatcher<\/li>\n\n\n\n<li>Lady Baby<\/li>\n<\/ul>\n\n\n\n<h2 class=\"wp-block-heading\">Conoce sobre el baile del metal<\/h2>\n\n\n\n<figure class=\"wp-block-gallery has-nested-images columns-default is-cropped wp-block-gallery-1 is-layout-flex wp-block-gallery-is-layout-flex\">\n<figure class=\"wp-block-image size-large\"><a href=\"https:\/\/sqardance.com\/index.php\/metal-dance\/como-se-llama-el-baile-del-metal\/\"><img decoding=\"async\" width=\"1024\" height=\"1024\" data-id=\"747\" data-src=\"https:\/\/sqardance.com\/wp-content\/uploads\/2024\/02\/pexels-sebastian-ervi-1763075-edited-1024x1024.jpg\" alt=\"Rock Metal Dance\" class=\"wp-image-747 lazyload\" data-srcset=\"https:\/\/sqardance.com\/wp-content\/uploads\/2024\/02\/pexels-sebastian-ervi-1763075-edited-1024x1024.jpg 1024w, https:\/\/sqardance.com\/wp-content\/uploads\/2024\/02\/pexels-sebastian-ervi-1763075-edited-300x300.jpg 300w, https:\/\/sqardance.com\/wp-content\/uploads\/2024\/02\/pexels-sebastian-ervi-1763075-edited-150x150.jpg 150w, https:\/\/sqardance.com\/wp-content\/uploads\/2024\/02\/pexels-sebastian-ervi-1763075-edited-768x768.jpg 768w, https:\/\/sqardance.com\/wp-content\/uploads\/2024\/02\/pexels-sebastian-ervi-1763075-edited-1536x1536.jpg 1536w, https:\/\/sqardance.com\/wp-content\/uploads\/2024\/02\/pexels-sebastian-ervi-1763075-edited-2048x2048.jpg 2048w, https:\/\/sqardance.com\/wp-content\/uploads\/2024\/02\/pexels-sebastian-ervi-1763075-edited-scaled.jpg 1000w\" data-sizes=\"(max-width: 1024px) 100vw, 1024px\" src=\"data:image\/svg+xml;base64,PHN2ZyB3aWR0aD0iMSIgaGVpZ2h0PSIxIiB4bWxucz0iaHR0cDovL3d3dy53My5vcmcvMjAwMC9zdmciPjwvc3ZnPg==\" style=\"--smush-placeholder-width: 1024px; --smush-placeholder-aspect-ratio: 1024\/1024;\" \/><\/a><figcaption class=\"wp-element-caption\"><a href=\"https:\/\/sqardance.com\/index.php\/metal-dance\/como-se-llama-el-baile-del-metal\/\" data-type=\"page\" data-id=\"746\">\u00bfC\u00f3mo se llama el baile del metal?<\/a><\/figcaption><\/figure>\n\n\n\n<figure class=\"wp-block-image size-large\"><a href=\"https:\/\/sqardance.com\/index.php\/metal-dance\/como-bailar-metal\/\"><img decoding=\"async\" width=\"506\" height=\"506\" data-id=\"754\" data-src=\"https:\/\/sqardance.com\/wp-content\/uploads\/2024\/02\/Limpbizkit-baile-edited.jpg\" alt=\"\" class=\"wp-image-754 lazyload\" data-srcset=\"https:\/\/sqardance.com\/wp-content\/uploads\/2024\/02\/Limpbizkit-baile-edited.jpg 506w, https:\/\/sqardance.com\/wp-content\/uploads\/2024\/02\/Limpbizkit-baile-edited-300x300.jpg 300w, https:\/\/sqardance.com\/wp-content\/uploads\/2024\/02\/Limpbizkit-baile-edited-150x150.jpg 150w\" data-sizes=\"(max-width: 506px) 100vw, 506px\" src=\"data:image\/svg+xml;base64,PHN2ZyB3aWR0aD0iMSIgaGVpZ2h0PSIxIiB4bWxucz0iaHR0cDovL3d3dy53My5vcmcvMjAwMC9zdmciPjwvc3ZnPg==\" style=\"--smush-placeholder-width: 506px; --smush-placeholder-aspect-ratio: 506\/506;\" \/><\/a><figcaption class=\"wp-element-caption\"><a href=\"https:\/\/sqardance.com\/index.php\/metal-dance\/como-bailar-metal\/\" data-type=\"page\" data-id=\"235\">\u00bfC\u00f3mo se baila el metal?<\/a><\/figcaption><\/figure>\n\n\n\n<figure class=\"wp-block-image size-large\"><a href=\"https:\/\/sqardance.com\/index.php\/metal-dance\/ejemplos\/\"><img decoding=\"async\" width=\"254\" height=\"254\" data-id=\"755\" data-src=\"https:\/\/sqardance.com\/wp-content\/uploads\/2024\/02\/Babymetal-edited.jpg\" alt=\"\" class=\"wp-image-755 lazyload\" data-srcset=\"https:\/\/sqardance.com\/wp-content\/uploads\/2024\/02\/Babymetal-edited.jpg 254w, https:\/\/sqardance.com\/wp-content\/uploads\/2024\/02\/Babymetal-edited-150x150.jpg 150w\" data-sizes=\"(max-width: 254px) 100vw, 254px\" src=\"data:image\/svg+xml;base64,PHN2ZyB3aWR0aD0iMSIgaGVpZ2h0PSIxIiB4bWxucz0iaHR0cDovL3d3dy53My5vcmcvMjAwMC9zdmciPjwvc3ZnPg==\" style=\"--smush-placeholder-width: 254px; --smush-placeholder-aspect-ratio: 254\/254;\" \/><\/a><figcaption class=\"wp-element-caption\"><a href=\"https:\/\/sqardance.com\/index.php\/metal-dance\/ejemplos\/\" data-type=\"page\" data-id=\"385\">Ejemplos de baile de metal<\/a><\/figcaption><\/figure>\n<\/figure>\n","protected":false},"excerpt":{"rendered":"<p>\u00bfTe has preguntado si el metal se puede bailar? En realidad ya hay gente que lo est\u00e1 bailando, tanto profesionales como amateurs, aunque muchas personas a\u00fan lo desconocen. Contin\u00faa y conoce todo sobre el baile del metal. \u00bfQu\u00e9 es el Metal Dance? El Metal Dance es la forma en que estamos llamando al baile del&hellip;&nbsp;<a href=\"https:\/\/sqardance.com\/index.php\/metal-dance\/\" rel=\"bookmark\"><span class=\"screen-reader-text\">\u00bfQu\u00e9 es el Metal Dance?<\/span><\/a><\/p>\n","protected":false},"author":1,"featured_media":0,"parent":0,"menu_order":0,"comment_status":"closed","ping_status":"closed","template":"","meta":{"neve_meta_sidebar":"","neve_meta_container":"","neve_meta_enable_content_width":"","neve_meta_content_width":0,"neve_meta_title_alignment":"","neve_meta_author_avatar":"","neve_post_elements_order":"","neve_meta_disable_header":"","neve_meta_disable_footer":"","neve_meta_disable_title":"","footnotes":""},"class_list":["post-104","page","type-page","status-publish","hentry"],"_links":{"self":[{"href":"https:\/\/sqardance.com\/index.php\/wp-json\/wp\/v2\/pages\/104","targetHints":{"allow":["GET"]}}],"collection":[{"href":"https:\/\/sqardance.com\/index.php\/wp-json\/wp\/v2\/pages"}],"about":[{"href":"https:\/\/sqardance.com\/index.php\/wp-json\/wp\/v2\/types\/page"}],"author":[{"embeddable":true,"href":"https:\/\/sqardance.com\/index.php\/wp-json\/wp\/v2\/users\/1"}],"replies":[{"embeddable":true,"href":"https:\/\/sqardance.com\/index.php\/wp-json\/wp\/v2\/comments?post=104"}],"version-history":[{"count":7,"href":"https:\/\/sqardance.com\/index.php\/wp-json\/wp\/v2\/pages\/104\/revisions"}],"predecessor-version":[{"id":758,"href":"https:\/\/sqardance.com\/index.php\/wp-json\/wp\/v2\/pages\/104\/revisions\/758"}],"wp:attachment":[{"href":"https:\/\/sqardance.com\/index.php\/wp-json\/wp\/v2\/media?parent=104"}],"curies":[{"name":"wp","href":"https:\/\/api.w.org\/{rel}","templated":true}]}}